{"id":7277,"date":"2024-10-18T14:42:37","date_gmt":"2024-10-18T13:42:37","guid":{"rendered":"https:\/\/www.revistaalimara.net\/revista\/?page_id=7277"},"modified":"2024-11-06T13:52:45","modified_gmt":"2024-11-06T12:52:45","slug":"epoca_6_70","status":"publish","type":"page","link":"https:\/\/www.revistaalimara.net\/revista\/epoca_6_70\/","title":{"rendered":"\u00c8poca_6_70"},"content":{"rendered":"<div id=\"pl-7277\"  class=\"panel-layout\" ><div id=\"pg-7277-0\"  class=\"panel-grid panel-no-style\" ><div id=\"pgc-7277-0-0\"  class=\"panel-grid-cell\" ><div id=\"panel-7277-0-0-0\" class=\"so-panel widget widget_sow-headline panel-first-child panel-last-child\" data-index=\"0\" ><div\n\t\t\t\n\t\t\tclass=\"so-widget-sow-headline so-widget-sow-headline-default-54d5f1ab2fc0-7277\"\n\t\t\t\n\t\t><div class=\"sow-headline-container \">\n\t<h1 class='sow-headline'>Articles<\/h1><h3 class='sow-sub-headline'>Descarregau els articles de la revista en format PDF<\/h3><\/div>\n<\/div><\/div><\/div><\/div><div id=\"pg-7277-1\"  class=\"panel-grid panel-no-style\" ><div id=\"pgc-7277-1-0\"  class=\"panel-grid-cell panel-grid-cell-empty\" ><\/div><\/div><div id=\"pg-7277-2\"  class=\"panel-grid panel-no-style\" ><div id=\"pgc-7277-2-0\"  class=\"panel-grid-cell\" ><div id=\"panel-7277-2-0-0\" class=\"so-panel widget widget_media_gallery panel-first-child panel-last-child\" data-index=\"1\" >\n\t\t<style type=\"text\/css\">\n\t\t\t#gallery-1 {\n\t\t\t\tmargin: auto;\n\t\t\t}\n\t\t\t#gallery-1 .gallery-item {\n\t\t\t\tfloat: left;\n\t\t\t\tmargin-top: 10px;\n\t\t\t\ttext-align: center;\n\t\t\t\twidth: 100%;\n\t\t\t}\n\t\t\t#gallery-1 img {\n\t\t\t\tborder: 2px solid #cfcfcf;\n\t\t\t}\n\t\t\t#gallery-1 .gallery-caption {\n\t\t\t\tmargin-left: 0;\n\t\t\t}\n\t\t\t\/* see gallery_shortcode() in wp-includes\/media.php *\/\n\t\t<\/style>\n\t\t<div id='gallery-1' class='gallery galleryid-7277 gallery-columns-1 gallery-size-medium'><dl class='gallery-item'>\n\t\t\t<dt class='gallery-icon portrait'>\n\t\t\t\t<img width=\"214\" height=\"300\" src=\"https:\/\/www.revistaalimara.net\/revista\/wp-content\/uploads\/2024\/10\/Alimara-Num-Portada-Alimara-70-214x300.jpg\" class=\"attachment-medium size-medium\" alt=\"\" decoding=\"async\" loading=\"lazy\" srcset=\"https:\/\/www.revistaalimara.net\/revista\/wp-content\/uploads\/2024\/10\/Alimara-Num-Portada-Alimara-70-214x300.jpg 214w, https:\/\/www.revistaalimara.net\/revista\/wp-content\/uploads\/2024\/10\/Alimara-Num-Portada-Alimara-70-730x1024.jpg 730w, https:\/\/www.revistaalimara.net\/revista\/wp-content\/uploads\/2024\/10\/Alimara-Num-Portada-Alimara-70-768x1078.jpg 768w, https:\/\/www.revistaalimara.net\/revista\/wp-content\/uploads\/2024\/10\/Alimara-Num-Portada-Alimara-70-1094x1536.jpg 1094w, https:\/\/www.revistaalimara.net\/revista\/wp-content\/uploads\/2024\/10\/Alimara-Num-Portada-Alimara-70-392x550.jpg 392w, https:\/\/www.revistaalimara.net\/revista\/wp-content\/uploads\/2024\/10\/Alimara-Num-Portada-Alimara-70-370x520.jpg 370w, https:\/\/www.revistaalimara.net\/revista\/wp-content\/uploads\/2024\/10\/Alimara-Num-Portada-Alimara-70-445x625.jpg 445w, https:\/\/www.revistaalimara.net\/revista\/wp-content\/uploads\/2024\/10\/Alimara-Num-Portada-Alimara-70-15x21.jpg 15w, https:\/\/www.revistaalimara.net\/revista\/wp-content\/uploads\/2024\/10\/Alimara-Num-Portada-Alimara-70-854x1199.jpg 854w, https:\/\/www.revistaalimara.net\/revista\/wp-content\/uploads\/2024\/10\/Alimara-Num-Portada-Alimara-70.jpg 1187w\" sizes=\"(max-width: 214px) 100vw, 214px\" \/>\n\t\t\t<\/dt><\/dl><br style=\"clear: both\" \/>\n\t\t<\/div>\n<\/div><\/div><div id=\"pgc-7277-2-1\"  class=\"panel-grid-cell\" ><div id=\"panel-7277-2-1-0\" class=\"so-panel widget widget_sow-editor panel-first-child\" data-index=\"2\" ><div\n\t\t\t\n\t\t\tclass=\"so-widget-sow-editor so-widget-sow-editor-base\"\n\t\t\t\n\t\t>\n<div class=\"siteorigin-widget-tinymce textwidget\">\n\t<h6>Alimara. Novembre 2024<\/h6>\n<h3>N\u00daMERO 70<\/h3>\n<\/div>\n<\/div><\/div><div id=\"panel-7277-2-1-1\" class=\"so-panel widget widget_sow-button\" data-index=\"3\" ><div\n\t\t\t\n\t\t\tclass=\"so-widget-sow-button so-widget-sow-button-atom-accbd2cd5c79-7277\"\n\t\t\t\n\t\t><div class=\"ow-button-base ow-button-align-center\">\n\t<a\n\thref=\"https:\/\/www.revistaalimara.net\/revista\/wp-content\/uploads\/2024\/11\/Alimara-Num-70_corregido.pdf\"\n\t\tclass=\"download ow-icon-placement-left ow-button-hover\" \t>\n\t\t<span>\n\t\t\t<span class=\"sow-icon-fontawesome sow-far\" data-sow-icon=\"&#xf1c1;\"\n\t\tstyle=\"\" \n\t\taria-hidden=\"true\"><\/span>\n\t\t\tDescarregau la revista sencera en PDF\t\t<\/span>\n\t<\/a>\n<\/div>\n<\/div><\/div><div id=\"panel-7277-2-1-2\" class=\"so-panel widget widget_sow-editor panel-last-child\" data-index=\"4\" ><div\n\t\t\t\n\t\t\tclass=\"so-widget-sow-editor so-widget-sow-editor-base\"\n\t\t\t\n\t\t>\n<div class=\"siteorigin-widget-tinymce textwidget\">\n\t<p>&nbsp;<\/p>\n<p><span style=\"color: #009fe3;\"><strong>\u00cdndex<\/strong><\/span><\/p>\n<p><strong>INCLUSI\u00d3 SOCIAL<br \/>\n<\/strong><em><a href=\"https:\/\/www.revistaalimara.net\/revista\/wp-content\/uploads\/2024\/10\/Alimara-Num-70_art-1-UCA.pdf\">Intervenci\u00f3 en patologia dual a les UCA. Cas cl\u00ednic sobre trastorn l\u00edmit de la personalitat i conductes addictives sobrecontrol i descontrol<\/a><\/em><br \/>\nFrancesca Aulet Garau, Carmen Mart\u00ednez Canto, Gema Montes Garc\u00eda.<\/p>\n<p><strong>ATENCI\u00d3 SOCIOSANIT\u00c0RIA<br \/>\n<\/strong><em><a href=\"https:\/\/www.revistaalimara.net\/revista\/wp-content\/uploads\/2024\/10\/Alimara-Num-70_art-2-MUSICOTERAP.pdf\">La musicoter\u00e0pia i els diferents \u00e0mbits d'intervenci\u00f3 psicosanit\u00e0ria i educativa<\/a><br \/>\nMaria Ant\u00f2nia Barcel\u00f3 Porcel, M. Isabel Cuart Sintes, M. Sofia Ferr\u00e0 Roca.<\/em><\/p>\n<p><strong>DESENVOLUPAMENT INFANTIL<br \/>\n<\/strong><em><a href=\"https:\/\/www.revistaalimara.net\/revista\/wp-content\/uploads\/2024\/11\/Alimara-Num-70-art-3-ATT-PRIMERENCA_corregido.pdf\">Detecci\u00f3 preco\u00e7. Criteris de cribratge a l'atenci\u00f3 primerenca<\/a><br \/>\nMiguel \u00c1ngel Cap\u00f3 Juan.<\/em><\/p>\n<p><strong>ATENCI\u00d3 COMUNIT\u00c0RIA<br \/>\n<\/strong><em><a href=\"https:\/\/www.revistaalimara.net\/revista\/wp-content\/uploads\/2024\/10\/Alimara-Num-70_art-4-PARTICIPACIO.pdf\">La participaci\u00f3 ciutadana a Palma: una aproximaci\u00f3 a la situaci\u00f3 actual<\/a><br \/>\nMaria Ant\u00f2nia Froil\u00e1n Jaume.<\/em><\/p>\n<\/div>\n<\/div><\/div><\/div><\/div><div id=\"pg-7277-3\"  class=\"panel-grid panel-no-style\" ><div id=\"pgc-7277-3-0\"  class=\"panel-grid-cell\" ><div id=\"panel-7277-3-0-0\" class=\"so-panel widget widget_sow-headline panel-first-child panel-last-child\" data-index=\"5\" ><div\n\t\t\t\n\t\t\tclass=\"so-widget-sow-headline so-widget-sow-headline-default-ea0af4cf39ae-7277\"\n\t\t\t\n\t\t><div class=\"sow-headline-container \">\n\t\t\t\t\t\t<div class=\"decoration\">\n\t\t\t\t\t\t<div class=\"decoration-inside\"><\/div>\n\t\t\t\t\t<\/div>\n\t\t\t\t\t<\/div>\n<\/div><\/div><\/div><\/div><div id=\"pg-7277-4\"  class=\"panel-grid panel-no-style\" ><div id=\"pgc-7277-4-0\"  class=\"panel-grid-cell\" ><div id=\"panel-7277-4-0-0\" class=\"widget_text so-panel widget widget_custom_html panel-first-child panel-last-child\" data-index=\"6\" ><div class=\"textwidget custom-html-widget\"><div class=\"line\">\n\t\n<\/div><\/div><\/div><\/div><\/div><\/div>","protected":false},"excerpt":{"rendered":"<p>ArticlesDescarregau els articles de la revista en format PDF Alimara. Novembre 2024 N\u00daMERO 70 Descarregau la revista sencera en PDF &nbsp; \u00cdndex INCLUSI\u00d3 SOCIAL Intervenci\u00f3 en patologia dual a les UCA. Cas cl\u00ednic sobre trastorn l\u00edmit de la personalitat i conductes addictives sobrecontrol i descontrol Francesca Aulet Garau, Carmen Mart\u00ednez Canto, Gema Montes Garc\u00eda. ATENCI\u00d3 [&hellip;]<\/p>\n","protected":false},"author":2,"featured_media":0,"parent":0,"menu_order":0,"comment_status":"closed","ping_status":"closed","template":"","meta":[],"_links":{"self":[{"href":"https:\/\/www.revistaalimara.net\/revista\/wp-json\/wp\/v2\/pages\/7277"}],"collection":[{"href":"https:\/\/www.revistaalimara.net\/revista\/wp-json\/wp\/v2\/pages"}],"about":[{"href":"https:\/\/www.revistaalimara.net\/revista\/wp-json\/wp\/v2\/types\/page"}],"author":[{"embeddable":true,"href":"https:\/\/www.revistaalimara.net\/revista\/wp-json\/wp\/v2\/users\/2"}],"replies":[{"embeddable":true,"href":"https:\/\/www.revistaalimara.net\/revista\/wp-json\/wp\/v2\/comments?post=7277"}],"version-history":[{"count":14,"href":"https:\/\/www.revistaalimara.net\/revista\/wp-json\/wp\/v2\/pages\/7277\/revisions"}],"predecessor-version":[{"id":7394,"href":"https:\/\/www.revistaalimara.net\/revista\/wp-json\/wp\/v2\/pages\/7277\/revisions\/7394"}],"wp:attachment":[{"href":"https:\/\/www.revistaalimara.net\/revista\/wp-json\/wp\/v2\/media?parent=7277"}],"curies":[{"name":"wp","href":"https:\/\/api.w.org\/{rel}","templated":true}]}}