{"id":7272,"date":"2024-10-18T15:07:50","date_gmt":"2024-10-18T14:07:50","guid":{"rendered":"https:\/\/www.revistaalimara.net\/revista\/?page_id=7272"},"modified":"2024-11-04T14:01:08","modified_gmt":"2024-11-04T13:01:08","slug":"alimara-70","status":"publish","type":"page","link":"https:\/\/www.revistaalimara.net\/revista\/alimara-70\/","title":{"rendered":"ALIMARA 70"},"content":{"rendered":"<div id=\"pl-7272\"  class=\"panel-layout\" ><div id=\"pg-7272-0\"  class=\"panel-grid panel-has-style\" ><div class=\"siteorigin-panels-stretch panel-row-style panel-row-style-for-7272-0\" data-stretch-type=\"full-stretched\" ><div id=\"pgc-7272-0-0\"  class=\"panel-grid-cell\" ><div id=\"panel-7272-0-0-0\" class=\"so-panel widget widget_sow-hero panel-first-child panel-last-child\" data-index=\"0\" ><div\n\t\t\t\n\t\t\tclass=\"so-widget-sow-hero so-widget-sow-hero-default-5e538039d24c-7272\"\n\t\t\t\n\t\t>\t\t\t\t<div class=\"sow-slider-base\" style=\"display: none\" tabindex=\"0\">\n\t\t\t\t\t<ul\n\t\t\t\t\tclass=\"sow-slider-images\"\n\t\t\t\t\tdata-settings=\"{&quot;pagination&quot;:true,&quot;speed&quot;:800,&quot;timeout&quot;:8000,&quot;paused&quot;:false,&quot;pause_on_hover&quot;:false,&quot;swipe&quot;:true,&quot;nav_always_show_desktop&quot;:&quot;&quot;,&quot;nav_always_show_mobile&quot;:&quot;&quot;,&quot;breakpoint&quot;:&quot;780px&quot;,&quot;unmute&quot;:false,&quot;anchor&quot;:null}\"\n\t\t\t\t\tstyle=\"min-height: 400px\"\t\t\t\t\tdata-anchor-id=\"\"\n\t\t\t\t>\t\t<li class=\"sow-slider-image  sow-slider-image-cover\" style=\"visibility: visible;;background-color: #333333\" >\n\t\t\t\t\t<div class=\"sow-slider-image-container\">\n\t\t\t<div class=\"sow-slider-image-wrapper\">\n\t\t\t\t<p style=\"text-align: center\">N\u00daMERO 70 | NOVEMBRE 2024<\/p>\n<h3 style=\"text-align: center\">ALIMARA<br \/>\nInnovaci\u00f3 i Metodologia en Afers Socials<\/h3>\n\t\t\t<\/div>\n\t\t<\/div>\n\t\t<div class=\"sow-slider-image-overlay sow-slider-image-cover\" style=\"opacity: 0.5;background-image: url(https:\/\/www.revistaalimara.net\/revista\/wp-content\/uploads\/2024\/10\/Alimara-Num-Portada-70_a-scaled.jpg)\"  ><\/div>\t\t<\/li>\n\t\t<\/ul>\t\t\t\t<ol class=\"sow-slider-pagination\">\n\t\t\t\t\t\t\t\t\t\t\t<li><a href=\"#\" data-goto=\"0\" aria-label=\"display slide 1\"><\/a><\/li>\n\t\t\t\t\t\t\t\t\t<\/ol>\n\n\t\t\t\t<div class=\"sow-slide-nav sow-slide-nav-next\">\n\t\t\t\t\t<a href=\"#\" data-goto=\"next\" aria-label=\"next slide\" data-action=\"next\">\n\t\t\t\t\t\t<em class=\"sow-sld-icon-thin-right\"><\/em>\n\t\t\t\t\t<\/a>\n\t\t\t\t<\/div>\n\n\t\t\t\t<div class=\"sow-slide-nav sow-slide-nav-prev\">\n\t\t\t\t\t<a href=\"#\" data-goto=\"previous\" aria-label=\"previous slide\" data-action=\"prev\">\n\t\t\t\t\t\t<em class=\"sow-sld-icon-thin-left\"><\/em>\n\t\t\t\t\t<\/a>\n\t\t\t\t<\/div>\n\t\t\t\t<\/div><\/div><\/div><\/div><\/div><\/div><div id=\"pg-7272-1\"  class=\"panel-grid panel-has-style\" ><div class=\"panel-row-style panel-row-style-for-7272-1\" ><div id=\"pgc-7272-1-0\"  class=\"panel-grid-cell\" ><div id=\"panel-7272-1-0-0\" class=\"widget_text so-panel widget widget_custom_html panel-first-child\" data-index=\"1\" ><h3 class=\"widget-title\">Articles de la revista<\/h3><div class=\"textwidget custom-html-widget\"><\/div><\/div><div id=\"panel-7272-1-0-1\" class=\"so-panel widget widget_posts_widget panel-last-child\" data-index=\"2\" ><div><div class=\"poster poster-right normal   size-350\"><a class=\"poster-image mt-radius pull-left\" href=\"https:\/\/www.revistaalimara.net\/revista\/la-participacio-ciutadana-a-palma-una-aproximacio-a-la-situacio-actual\/\"><div class=\"mt-post-image\" ><div class=\"mt-post-image-background\" style=\"background-image:url(https:\/\/www.revistaalimara.net\/revista\/wp-content\/uploads\/2024\/10\/Alimara-Num-70_d-15x14.jpg);\"><\/div><img alt=\"La participaci\u00f3 ciutadana a Palma: una aproximaci\u00f3 a la situaci\u00f3 actual\" class=\"lazy\" src=\"data:image\/gif;base64,R0lGODlhAQABAIAAAAAAAP\/\/\/yH5BAEAAAAALAAAAAABAAEAAAIBRAA7\" data-src=\"https:\/\/www.revistaalimara.net\/revista\/wp-content\/uploads\/2024\/10\/Alimara-Num-70_d-550x527.jpg\" width=\"550\" height=\"550\" \/><\/div><span class=\"post-icon mt-theme-background\"><i class=\"ic-open open\"><\/i><\/span><div class=\"poster-info\"><div class=\"poster-cat\"><span class=\"mt-theme-text\">Inclusi\u00f3\/exclusi\u00f3 social<\/span><\/div><div class=\"poster-data color-silver-light\"><span class=\"poster-views\">2392 <span class=\"mt-data-text\">Visites<\/span><\/span><\/div><\/div><\/a><div class=\"poster-content\"><div class=\"poster-cat\"><span class=\"mt-theme-text\">Inclusi\u00f3\/exclusi\u00f3 social<\/span><\/div><div class=\"poster-data color-silver-light\"><span class=\"poster-views\">2392 <span class=\"mt-data-text\">Visites<\/span><\/span><\/div><a href=\"https:\/\/www.revistaalimara.net\/revista\/la-participacio-ciutadana-a-palma-una-aproximacio-a-la-situacio-actual\/\"><h2>La participaci\u00f3 ciutadana a Palma: una aproximaci\u00f3 a la situaci\u00f3 actual<\/h2><\/a><small class=\"mt-pl\"><strong class=\"mt-pl-a\">alimara<\/strong><span class=\"color-silver-light mt-ml\"> - <\/span><span class=\"color-silver-light mt-pl-d\">21 d&#039;octubre de 2024<\/span><\/small><p>Paraules clau: Participaci\u00f3 ciutadana, animaci\u00f3 sociocultural, responsabilitat social compartida, persones en risc d\u2019exclusi\u00f3. Resum: Aquest article pret\u00e9n donar una visi\u00f3 \u00e0mplia del que \u00e9s la participaci\u00f3 ciutadana&hellip;<\/p><div class=\"hidden mt-readmore\"><a class=\"mt-readmore-url\" href=\"https:\/\/www.revistaalimara.net\/revista\/la-participacio-ciutadana-a-palma-una-aproximacio-a-la-situacio-actual\/\">Veure article<\/a><\/div><\/div><div class=\"clearfix\"><\/div><\/div><div class=\"poster poster-right normal   size-350\"><a class=\"poster-image mt-radius pull-left\" href=\"https:\/\/www.revistaalimara.net\/revista\/deteccio-precoc-criteris-de-cribratge-a-latencio-primerenca\/\"><div class=\"mt-post-image\" ><div class=\"mt-post-image-background\" style=\"background-image:url(https:\/\/www.revistaalimara.net\/revista\/wp-content\/uploads\/2024\/10\/Alimara-Num-70_c-15x14.jpg);\"><\/div><img alt=\"Detecci\u00f3 preco\u00e7. Criteris de cribratge a l&#8217;atenci\u00f3 primerenca\" class=\"lazy\" src=\"data:image\/gif;base64,R0lGODlhAQABAIAAAAAAAP\/\/\/yH5BAEAAAAALAAAAAABAAEAAAIBRAA7\" data-src=\"https:\/\/www.revistaalimara.net\/revista\/wp-content\/uploads\/2024\/10\/Alimara-Num-70_c-550x516.jpg\" width=\"550\" height=\"550\" \/><\/div><span class=\"post-icon mt-theme-background\"><i class=\"ic-open open\"><\/i><\/span><div class=\"poster-info\"><div class=\"poster-cat\"><span class=\"mt-theme-text\">Inf\u00e0ncia i adolesc\u00e8ncia<\/span><\/div><div class=\"poster-data color-silver-light\"><span class=\"poster-views\">2385 <span class=\"mt-data-text\">Visites<\/span><\/span><\/div><\/div><\/a><div class=\"poster-content\"><div class=\"poster-cat\"><span class=\"mt-theme-text\">Inf\u00e0ncia i adolesc\u00e8ncia<\/span><\/div><div class=\"poster-data color-silver-light\"><span class=\"poster-views\">2385 <span class=\"mt-data-text\">Visites<\/span><\/span><\/div><a href=\"https:\/\/www.revistaalimara.net\/revista\/deteccio-precoc-criteris-de-cribratge-a-latencio-primerenca\/\"><h2>Detecci\u00f3 preco\u00e7. Criteris de cribratge a l&#8217;atenci\u00f3 primerenca<\/h2><\/a><small class=\"mt-pl\"><strong class=\"mt-pl-a\">alimara<\/strong><span class=\"color-silver-light mt-ml\"> - <\/span><span class=\"color-silver-light mt-pl-d\">21 d&#039;octubre de 2024<\/span><\/small><p>Paraules clau: Programes de cribratge diagn\u00f2stic, programes d'intervenci\u00f3 primerenca, desenvolupament infantil. Resum: Aquest estudi pret\u00e9n construir Criteris de Cribratge a l\u2019Atenci\u00f3 Primerenca (CCAP) com una eina \u00e0gil,&hellip;<\/p><div class=\"hidden mt-readmore\"><a class=\"mt-readmore-url\" href=\"https:\/\/www.revistaalimara.net\/revista\/deteccio-precoc-criteris-de-cribratge-a-latencio-primerenca\/\">Veure article<\/a><\/div><\/div><div class=\"clearfix\"><\/div><\/div><div class=\"poster poster-right normal   size-350\"><a class=\"poster-image mt-radius pull-left\" href=\"https:\/\/www.revistaalimara.net\/revista\/la-musicoterapia-i-els-diferents-ambits-dintervencio-psicosanitaria-i-educativa\/\"><div class=\"mt-post-image\" ><div class=\"mt-post-image-background\" style=\"background-image:url(https:\/\/www.revistaalimara.net\/revista\/wp-content\/uploads\/2024\/10\/Alimara-Num-70_b-15x15.jpg);\"><\/div><img alt=\"La musicoter\u00e0pia i els diferents \u00e0mbits d&#8217;intervenci\u00f3 psicosanit\u00e0ria i educativa\" class=\"lazy\" src=\"data:image\/gif;base64,R0lGODlhAQABAIAAAAAAAP\/\/\/yH5BAEAAAAALAAAAAABAAEAAAIBRAA7\" data-src=\"https:\/\/www.revistaalimara.net\/revista\/wp-content\/uploads\/2024\/10\/Alimara-Num-70_b-550x550.jpg\" width=\"550\" height=\"550\" \/><\/div><span class=\"post-icon mt-theme-background\"><i class=\"ic-open open\"><\/i><\/span><div class=\"poster-info\"><div class=\"poster-cat\"><span class=\"mt-theme-text\">Formaci\u00f3<\/span><\/div><div class=\"poster-data color-silver-light\"><span class=\"poster-views\">2460 <span class=\"mt-data-text\">Visites<\/span><\/span><\/div><\/div><\/a><div class=\"poster-content\"><div class=\"poster-cat\"><span class=\"mt-theme-text\">Formaci\u00f3<\/span><\/div><div class=\"poster-data color-silver-light\"><span class=\"poster-views\">2460 <span class=\"mt-data-text\">Visites<\/span><\/span><\/div><a href=\"https:\/\/www.revistaalimara.net\/revista\/la-musicoterapia-i-els-diferents-ambits-dintervencio-psicosanitaria-i-educativa\/\"><h2>La musicoter\u00e0pia i els diferents \u00e0mbits d&#8217;intervenci\u00f3 psicosanit\u00e0ria i educativa<\/h2><\/a><small class=\"mt-pl\"><strong class=\"mt-pl-a\">alimara<\/strong><span class=\"color-silver-light mt-ml\"> - <\/span><span class=\"color-silver-light mt-pl-d\">21 d&#039;octubre de 2024<\/span><\/small><p>Paraules clau: M\u00fasica, musicoter\u00e0pia, emocions, benestar, qualitat de vida. Resum: En aquest article s\u2019explica qu\u00e8 \u00e9s la musicoter\u00e0pia com a disciplina, les aplicacions i els beneficis d'aquesta&hellip;<\/p><div class=\"hidden mt-readmore\"><a class=\"mt-readmore-url\" href=\"https:\/\/www.revistaalimara.net\/revista\/la-musicoterapia-i-els-diferents-ambits-dintervencio-psicosanitaria-i-educativa\/\">Veure article<\/a><\/div><\/div><div class=\"clearfix\"><\/div><\/div><div class=\"poster poster-right normal   size-350\"><a class=\"poster-image mt-radius pull-left\" href=\"https:\/\/www.revistaalimara.net\/revista\/intervencio-en-patologia-dual-a-les-unitats-de-conductes-addictives-uca-cas-clinic-sobre-trastorn-limit-de-la-personalitat-i-conductes-addictives-sobre-control-i-descontrol\/\"><div class=\"mt-post-image\" ><div class=\"mt-post-image-background\" style=\"background-image:url(https:\/\/www.revistaalimara.net\/revista\/wp-content\/uploads\/2024\/10\/Alimara-Num-70_a-15x16.jpg);\"><\/div><img alt=\"Intervenci\u00f3 en patologia dual a les unitats de conductes addictives (UCA). Cas cl\u00ednic sobre trastorn l\u00edmit de la personalitat i conductes addictives sobre control i descontrol\" class=\"lazy\" src=\"data:image\/gif;base64,R0lGODlhAQABAIAAAAAAAP\/\/\/yH5BAEAAAAALAAAAAABAAEAAAIBRAA7\" data-src=\"https:\/\/www.revistaalimara.net\/revista\/wp-content\/uploads\/2024\/10\/Alimara-Num-70_a-526x550.jpg\" width=\"550\" height=\"550\" \/><\/div><span class=\"post-icon mt-theme-background\"><i class=\"ic-open open\"><\/i><\/span><div class=\"poster-info\"><div class=\"poster-cat\"><span class=\"mt-theme-text\">Drogodepend\u00e8ncia i\/o altres addiccions<\/span><\/div><div class=\"poster-data color-silver-light\"><span class=\"poster-views\">2453 <span class=\"mt-data-text\">Visites<\/span><\/span><\/div><\/div><\/a><div class=\"poster-content\"><div class=\"poster-cat\"><span class=\"mt-theme-text\">Drogodepend\u00e8ncia i\/o altres addiccions<\/span><\/div><div class=\"poster-data color-silver-light\"><span class=\"poster-views\">2453 <span class=\"mt-data-text\">Visites<\/span><\/span><\/div><a href=\"https:\/\/www.revistaalimara.net\/revista\/intervencio-en-patologia-dual-a-les-unitats-de-conductes-addictives-uca-cas-clinic-sobre-trastorn-limit-de-la-personalitat-i-conductes-addictives-sobre-control-i-descontrol\/\"><h2>Intervenci\u00f3 en patologia dual a les unitats de conductes addictives (UCA). Cas cl\u00ednic sobre trastorn l\u00edmit de la personalitat i conductes addictives sobre control i descontrol<\/h2><\/a><small class=\"mt-pl\"><strong class=\"mt-pl-a\">alimara<\/strong><span class=\"color-silver-light mt-ml\"> - <\/span><span class=\"color-silver-light mt-pl-d\">21 d&#039;octubre de 2024<\/span><\/small><p>Paraules clau: Trastorn l\u00edmit de la personalitat, conductes addictives, regulaci\u00f3 emocional, impulsivitat, control i descontrol. Resum: Dia 29 de setembre de 2023 la Unitat de Conductes Addictives&hellip;<\/p><div class=\"hidden mt-readmore\"><a class=\"mt-readmore-url\" href=\"https:\/\/www.revistaalimara.net\/revista\/intervencio-en-patologia-dual-a-les-unitats-de-conductes-addictives-uca-cas-clinic-sobre-trastorn-limit-de-la-personalitat-i-conductes-addictives-sobre-control-i-descontrol\/\">Veure article<\/a><\/div><\/div><div class=\"clearfix\"><\/div><\/div><\/div><div class=\"pagination\"><\/div><\/div><\/div><\/div><\/div><\/div>","protected":false},"excerpt":{"rendered":"","protected":false},"author":2,"featured_media":0,"parent":0,"menu_order":0,"comment_status":"closed","ping_status":"closed","template":"","meta":[],"_links":{"self":[{"href":"https:\/\/www.revistaalimara.net\/revista\/wp-json\/wp\/v2\/pages\/7272"}],"collection":[{"href":"https:\/\/www.revistaalimara.net\/revista\/wp-json\/wp\/v2\/pages"}],"about":[{"href":"https:\/\/www.revistaalimara.net\/revista\/wp-json\/wp\/v2\/types\/page"}],"author":[{"embeddable":true,"href":"https:\/\/www.revistaalimara.net\/revista\/wp-json\/wp\/v2\/users\/2"}],"replies":[{"embeddable":true,"href":"https:\/\/www.revistaalimara.net\/revista\/wp-json\/wp\/v2\/comments?post=7272"}],"version-history":[{"count":9,"href":"https:\/\/www.revistaalimara.net\/revista\/wp-json\/wp\/v2\/pages\/7272\/revisions"}],"predecessor-version":[{"id":7376,"href":"https:\/\/www.revistaalimara.net\/revista\/wp-json\/wp\/v2\/pages\/7272\/revisions\/7376"}],"wp:attachment":[{"href":"https:\/\/www.revistaalimara.net\/revista\/wp-json\/wp\/v2\/media?parent=7272"}],"curies":[{"name":"wp","href":"https:\/\/api.w.org\/{rel}","templated":true}]}}