{"id":6217,"date":"2022-06-20T11:11:43","date_gmt":"2022-06-20T10:11:43","guid":{"rendered":"https:\/\/www.revistaalimara.net\/revista\/?page_id=6217"},"modified":"2022-06-20T11:15:05","modified_gmt":"2022-06-20T10:15:05","slug":"el-model-de-latencio-integral-centrada-en-la-persona-en-dependencia-i-altres-experiencies-innovadores-2","status":"publish","type":"page","link":"https:\/\/www.revistaalimara.net\/revista\/el-model-de-latencio-integral-centrada-en-la-persona-en-dependencia-i-altres-experiencies-innovadores-2\/","title":{"rendered":"El model de l\u2019atenci\u00f3 integral centrada en la persona en depend\u00e8ncia i altres experi\u00e8ncies innovadores"},"content":{"rendered":"<div id=\"pl-6217\"  class=\"panel-layout\" ><div id=\"pg-6217-0\"  class=\"panel-grid panel-has-style\" ><div class=\"siteorigin-panels-stretch panel-row-style panel-row-style-for-6217-0\" data-stretch-type=\"full-stretched\" ><div id=\"pgc-6217-0-0\"  class=\"panel-grid-cell\" ><div id=\"panel-6217-0-0-0\" class=\"so-panel widget widget_sow-hero panel-first-child panel-last-child\" data-index=\"0\" ><div\n\t\t\t\n\t\t\tclass=\"so-widget-sow-hero so-widget-sow-hero-default-5e538039d24c-6217\"\n\t\t\t\n\t\t>\t\t\t\t<div class=\"sow-slider-base\" style=\"display: none\" tabindex=\"0\">\n\t\t\t\t\t<ul\n\t\t\t\t\tclass=\"sow-slider-images\"\n\t\t\t\t\tdata-settings=\"{&quot;pagination&quot;:true,&quot;speed&quot;:800,&quot;timeout&quot;:8000,&quot;paused&quot;:false,&quot;pause_on_hover&quot;:false,&quot;swipe&quot;:true,&quot;nav_always_show_desktop&quot;:&quot;&quot;,&quot;nav_always_show_mobile&quot;:&quot;&quot;,&quot;breakpoint&quot;:&quot;780px&quot;,&quot;unmute&quot;:false,&quot;anchor&quot;:null}\"\n\t\t\t\t\tstyle=\"min-height: 400px\"\t\t\t\t\tdata-anchor-id=\"\"\n\t\t\t\t>\t\t<li class=\"sow-slider-image  sow-slider-image-cover\" style=\"visibility: visible;;background-color: #333333\" >\n\t\t\t\t\t<div class=\"sow-slider-image-container\">\n\t\t\t<div class=\"sow-slider-image-wrapper\">\n\t\t\t\t<p style=\"text-align: center\">N\u00daMERO 63 | JULIOL 2021<\/p>\n\n<h3 style=\"text-align: center\">El model de l\u2019atenci\u00f3 integral centrada en la persona en depend\u00e8ncia i altres experi\u00e8ncies innovadores<\/h3>\t\t\t<\/div>\n\t\t<\/div>\n\t\t<div class=\"sow-slider-image-overlay sow-slider-image-cover\" style=\"opacity: 0.5;background-image: url(https:\/\/www.revistaalimara.net\/revista\/wp-content\/uploads\/2021\/07\/AICP-2.png)\"  ><\/div>\t\t<\/li>\n\t\t<\/ul>\t\t\t\t<ol class=\"sow-slider-pagination\">\n\t\t\t\t\t\t\t\t\t\t\t<li><a href=\"#\" data-goto=\"0\" aria-label=\"display slide 1\"><\/a><\/li>\n\t\t\t\t\t\t\t\t\t<\/ol>\n\n\t\t\t\t<div class=\"sow-slide-nav sow-slide-nav-next\">\n\t\t\t\t\t<a href=\"#\" data-goto=\"next\" aria-label=\"next slide\" data-action=\"next\">\n\t\t\t\t\t\t<em class=\"sow-sld-icon-thin-right\"><\/em>\n\t\t\t\t\t<\/a>\n\t\t\t\t<\/div>\n\n\t\t\t\t<div class=\"sow-slide-nav sow-slide-nav-prev\">\n\t\t\t\t\t<a href=\"#\" data-goto=\"previous\" aria-label=\"previous slide\" data-action=\"prev\">\n\t\t\t\t\t\t<em class=\"sow-sld-icon-thin-left\"><\/em>\n\t\t\t\t\t<\/a>\n\t\t\t\t<\/div>\n\t\t\t\t<\/div><\/div><\/div><\/div><\/div><\/div><div id=\"pg-6217-1\"  class=\"panel-grid panel-has-style\" ><div class=\"panel-row-style panel-row-style-for-6217-1\" ><div id=\"pgc-6217-1-0\"  class=\"panel-grid-cell\" ><div id=\"panel-6217-1-0-0\" class=\"widget_text so-panel widget widget_custom_html panel-first-child\" data-index=\"1\" ><h3 class=\"widget-title\">Articles de la revista<\/h3><div class=\"textwidget custom-html-widget\"><\/div><\/div><div id=\"panel-6217-1-0-1\" class=\"so-panel widget widget_posts_widget panel-last-child\" data-index=\"2\" ><div><div class=\"poster poster-right normal   size-350\"><a class=\"poster-image mt-radius pull-left\" href=\"https:\/\/www.revistaalimara.net\/revista\/el-voluntariat-en-lambit-sociosanitari-un-apropament-a-la-realitat-que-troben-les-persones-voluntaries\/\"><div class=\"mt-post-image\" ><div class=\"mt-post-image-background\" style=\"background-image:url(https:\/\/www.revistaalimara.net\/revista\/wp-content\/uploads\/2021\/07\/voluntariado-15x8.jpg);\"><\/div><img alt=\"El voluntariat en l\u2019\u00e0mbit sociosanitari: un apropament a la realitat que troben les persones volunt\u00e0ries\" class=\"lazy\" src=\"data:image\/gif;base64,R0lGODlhAQABAIAAAAAAAP\/\/\/yH5BAEAAAAALAAAAAABAAEAAAIBRAA7\" data-src=\"https:\/\/www.revistaalimara.net\/revista\/wp-content\/uploads\/2021\/07\/voluntariado-550x275.jpg\" width=\"550\" height=\"550\" \/><\/div><span class=\"post-icon mt-theme-background\"><i class=\"ic-open open\"><\/i><\/span><div class=\"poster-info\"><div class=\"poster-cat\"><span class=\"mt-theme-text\">Acci\u00f3 comunit\u00e0ria i voluntariat<\/span><\/div><div class=\"poster-data color-silver-light\"><span class=\"poster-views\">2981 <span class=\"mt-data-text\">Visites<\/span><\/span><\/div><\/div><\/a><div class=\"poster-content\"><div class=\"poster-cat\"><span class=\"mt-theme-text\">Acci\u00f3 comunit\u00e0ria i voluntariat<\/span><\/div><div class=\"poster-data color-silver-light\"><span class=\"poster-views\">2981 <span class=\"mt-data-text\">Visites<\/span><\/span><\/div><a href=\"https:\/\/www.revistaalimara.net\/revista\/el-voluntariat-en-lambit-sociosanitari-un-apropament-a-la-realitat-que-troben-les-persones-voluntaries\/\"><h2>El voluntariat en l\u2019\u00e0mbit sociosanitari: un apropament a la realitat que troben les persones volunt\u00e0ries<\/h2><\/a><small class=\"mt-pl\"><strong class=\"mt-pl-a\">alimara<\/strong><span class=\"color-silver-light mt-ml\"> - <\/span><span class=\"color-silver-light mt-pl-d\">5 de juliol de 2021<\/span><\/small><p>Paraules clau: voluntariat, participaci\u00f3, sociosanitari, acompanyament, relaci\u00f3 d\u2019ajuda. Resum Participar com a persona volunt\u00e0ria vinculada a un programa de voluntariat en una entitat de l\u2019\u00e0mbit sociosanitari implica&hellip;<\/p><div class=\"hidden mt-readmore\"><a class=\"mt-readmore-url\" href=\"https:\/\/www.revistaalimara.net\/revista\/el-voluntariat-en-lambit-sociosanitari-un-apropament-a-la-realitat-que-troben-les-persones-voluntaries\/\">Veure article<\/a><\/div><\/div><div class=\"clearfix\"><\/div><\/div><div class=\"poster poster-right normal   size-350\"><a class=\"poster-image mt-radius pull-left\" href=\"https:\/\/www.revistaalimara.net\/revista\/experiencies-innovadores-projecte-biografies-histories-de-vida-entrevista-a-francesca-vadell-cubells-directora-de-biografies-histories-de-vida\/\"><div class=\"mt-post-image\" ><div class=\"mt-post-image-background\" style=\"background-image:url(https:\/\/www.revistaalimara.net\/revista\/wp-content\/uploads\/2021\/07\/Captura-de-Pantalla-2021-07-02-a-les-12.02.01-15x9.png);\"><\/div><img alt=\"Experi\u00e8ncies innovadores. Projecte Biografies: hist\u00f2ries de vida. Entrevista a Francesca Vadell Cubells, directora de Biografies: hist\u00f2ries de vida\" class=\"lazy\" src=\"data:image\/gif;base64,R0lGODlhAQABAIAAAAAAAP\/\/\/yH5BAEAAAAALAAAAAABAAEAAAIBRAA7\" data-src=\"https:\/\/www.revistaalimara.net\/revista\/wp-content\/uploads\/2021\/07\/Captura-de-Pantalla-2021-07-02-a-les-12.02.01-550x329.png\" width=\"550\" height=\"550\" \/><\/div><span class=\"post-icon mt-theme-background\"><i class=\"ic-open open\"><\/i><\/span><div class=\"poster-info\"><div class=\"poster-cat\"><span class=\"mt-theme-text\">Gent gran<\/span><\/div><div class=\"poster-data color-silver-light\"><span class=\"poster-views\">2494 <span class=\"mt-data-text\">Visites<\/span><\/span><\/div><\/div><\/a><div class=\"poster-content\"><div class=\"poster-cat\"><span class=\"mt-theme-text\">Gent gran<\/span><\/div><div class=\"poster-data color-silver-light\"><span class=\"poster-views\">2494 <span class=\"mt-data-text\">Visites<\/span><\/span><\/div><a href=\"https:\/\/www.revistaalimara.net\/revista\/experiencies-innovadores-projecte-biografies-histories-de-vida-entrevista-a-francesca-vadell-cubells-directora-de-biografies-histories-de-vida\/\"><h2>Experi\u00e8ncies innovadores. Projecte Biografies: hist\u00f2ries de vida. Entrevista a Francesca Vadell Cubells, directora de Biografies: hist\u00f2ries de vida<\/h2><\/a><small class=\"mt-pl\"><strong class=\"mt-pl-a\">alimara<\/strong><span class=\"color-silver-light mt-ml\"> - <\/span><span class=\"color-silver-light mt-pl-d\">2 de juliol de 2021<\/span><\/small><p>&nbsp; &nbsp; Mar\u00eda Jos\u00e9 de Prada Llos\u00e1 &nbsp; &nbsp; <div\n\t\t\t\n\t\t\tclass=\"so-widget-sow-button so-widget-sow-button-flat-1e520deaaef8\"\n\t\t\t\n\t\t><div class=\"ow-button-base ow-button-align-center\">\n\t<a\n\thref=\"#\"\n\t\tclass=\"ow-icon-placement-left ow-button-hover\" \t>\n\t\t<span>\n\t\t\t\n\t\t\t\t\t<\/span>\n\t<\/a>\n<\/div>\n<\/div> La Secci\u00f3 de Foment de l'Autonomia per a Persones Majors du a terme, entre d'altres, el&hellip;<\/p><div class=\"hidden mt-readmore\"><a class=\"mt-readmore-url\" href=\"https:\/\/www.revistaalimara.net\/revista\/experiencies-innovadores-projecte-biografies-histories-de-vida-entrevista-a-francesca-vadell-cubells-directora-de-biografies-histories-de-vida\/\">Veure article<\/a><\/div><\/div><div class=\"clearfix\"><\/div><\/div><div class=\"poster poster-right normal   size-350\"><a class=\"poster-image mt-radius pull-left\" href=\"https:\/\/www.revistaalimara.net\/revista\/analisi-del-programa-de-servei-datencio-integral-a-domicili-segons-la-implementacio-del-model-datencio-integral-i-centrat-en-la-persona\/\"><div class=\"mt-post-image\" ><div class=\"mt-post-image-background\" style=\"background-image:url(https:\/\/www.revistaalimara.net\/revista\/wp-content\/uploads\/2021\/07\/said-destacada-696x696-1-e1625219114287-15x9.jpg);\"><\/div><img alt=\"An\u00e0lisi del Programa de Servei d&#8217;Atenci\u00f3 Integral a Domicili segons la implementaci\u00f3 del model d&#8217;atenci\u00f3 integral i centrat en la persona\" class=\"lazy\" src=\"data:image\/gif;base64,R0lGODlhAQABAIAAAAAAAP\/\/\/yH5BAEAAAAALAAAAAABAAEAAAIBRAA7\" data-src=\"https:\/\/www.revistaalimara.net\/revista\/wp-content\/uploads\/2021\/07\/said-destacada-696x696-1-e1625219114287-550x333.jpg\" width=\"550\" height=\"550\" \/><\/div><span class=\"post-icon mt-theme-background\"><i class=\"ic-open open\"><\/i><\/span><div class=\"poster-info\"><div class=\"poster-cat\"><span class=\"mt-theme-text\">General<\/span><\/div><div class=\"poster-data color-silver-light\"><span class=\"poster-views\">3386 <span class=\"mt-data-text\">Visites<\/span><\/span><\/div><\/div><\/a><div class=\"poster-content\"><div class=\"poster-cat\"><span class=\"mt-theme-text\">General<\/span><\/div><div class=\"poster-data color-silver-light\"><span class=\"poster-views\">3386 <span class=\"mt-data-text\">Visites<\/span><\/span><\/div><a href=\"https:\/\/www.revistaalimara.net\/revista\/analisi-del-programa-de-servei-datencio-integral-a-domicili-segons-la-implementacio-del-model-datencio-integral-i-centrat-en-la-persona\/\"><h2>An\u00e0lisi del Programa de Servei d&#8217;Atenci\u00f3 Integral a Domicili segons la implementaci\u00f3 del model d&#8217;atenci\u00f3 integral i centrat en la persona<\/h2><\/a><small class=\"mt-pl\"><strong class=\"mt-pl-a\">alimara<\/strong><span class=\"color-silver-light mt-ml\"> - <\/span><span class=\"color-silver-light mt-pl-d\">2 de juliol de 2021<\/span><\/small><p>Paraules clau:\u00a0atenci\u00f3 integral, depend\u00e8ncia, atenci\u00f3 directa, SAID.. Resum El model d'atenci\u00f3 integral i centrat en la persona (MAICP) \u00e9s el fonament te\u00f2ric a partir del qual s'estructura&hellip;<\/p><div class=\"hidden mt-readmore\"><a class=\"mt-readmore-url\" href=\"https:\/\/www.revistaalimara.net\/revista\/analisi-del-programa-de-servei-datencio-integral-a-domicili-segons-la-implementacio-del-model-datencio-integral-i-centrat-en-la-persona\/\">Veure article<\/a><\/div><\/div><div class=\"clearfix\"><\/div><\/div><div class=\"poster poster-right normal   size-350\"><a class=\"poster-image mt-radius pull-left\" href=\"https:\/\/www.revistaalimara.net\/revista\/aproximacio-al-model-datencio-integral-de-la-persona-aicp\/\"><div class=\"mt-post-image\" ><div class=\"mt-post-image-background\" style=\"background-image:url(https:\/\/www.revistaalimara.net\/revista\/wp-content\/uploads\/2021\/07\/hospice_caring_nursing_elderly_care_patient_nurse_elder_care-1215734.jpgd_-15x10.jpeg);\"><\/div><img alt=\"Aproximaci\u00f3 al model d\u2019atenci\u00f3 integral de la persona (AICP)\" class=\"lazy\" src=\"data:image\/gif;base64,R0lGODlhAQABAIAAAAAAAP\/\/\/yH5BAEAAAAALAAAAAABAAEAAAIBRAA7\" data-src=\"https:\/\/www.revistaalimara.net\/revista\/wp-content\/uploads\/2021\/07\/hospice_caring_nursing_elderly_care_patient_nurse_elder_care-1215734.jpgd_-550x367.jpeg\" width=\"550\" height=\"550\" \/><\/div><span class=\"post-icon mt-theme-background\"><i class=\"ic-open open\"><\/i><\/span><div class=\"poster-info\"><div class=\"poster-cat\"><span class=\"mt-theme-text\">General<\/span><\/div><div class=\"poster-data color-silver-light\"><span class=\"poster-views\">3268 <span class=\"mt-data-text\">Visites<\/span><\/span><\/div><\/div><\/a><div class=\"poster-content\"><div class=\"poster-cat\"><span class=\"mt-theme-text\">General<\/span><\/div><div class=\"poster-data color-silver-light\"><span class=\"poster-views\">3268 <span class=\"mt-data-text\">Visites<\/span><\/span><\/div><a href=\"https:\/\/www.revistaalimara.net\/revista\/aproximacio-al-model-datencio-integral-de-la-persona-aicp\/\"><h2>Aproximaci\u00f3 al model d\u2019atenci\u00f3 integral de la persona (AICP)<\/h2><\/a><small class=\"mt-pl\"><strong class=\"mt-pl-a\">alimara<\/strong><span class=\"color-silver-light mt-ml\"> - <\/span><span class=\"color-silver-light mt-pl-d\">1 de juliol de 2021<\/span><\/small><p>Paraules clau:atenci\u00f3 integral centrada en la persona, gent gran, qualitat de vida, autodeterminaci\u00f3, dignitat. Resum Aquest article \u00e9s una aproximaci\u00f3 al model d'atenci\u00f3 integral centrat en la&hellip;<\/p><div class=\"hidden mt-readmore\"><a class=\"mt-readmore-url\" href=\"https:\/\/www.revistaalimara.net\/revista\/aproximacio-al-model-datencio-integral-de-la-persona-aicp\/\">Veure article<\/a><\/div><\/div><div class=\"clearfix\"><\/div><\/div><div class=\"poster poster-right normal   size-350\"><a class=\"poster-image mt-radius pull-left\" href=\"https:\/\/www.revistaalimara.net\/revista\/intervencio-psicologica-en-trauma-i-conductes-addictives-des-de-luca-abraca-els-teus-dimonis-un-cas-clinic-de-trauma-i-conducta-addictiva\/\"><div class=\"mt-post-image\" ><div class=\"mt-post-image-background\" style=\"background-image:url(https:\/\/www.revistaalimara.net\/revista\/wp-content\/uploads\/2021\/06\/greeting-the-sun-600w-15x10.jpg);\"><\/div><img alt=\"Intervenci\u00f3 psicol\u00f2gica en trauma i conductes addictives des de l&#8217;UCA. Abra\u00e7a els teus dimonis: un cas cl\u00ednic de trauma i conducta addictiva\" class=\"lazy\" src=\"data:image\/gif;base64,R0lGODlhAQABAIAAAAAAAP\/\/\/yH5BAEAAAAALAAAAAABAAEAAAIBRAA7\" data-src=\"https:\/\/www.revistaalimara.net\/revista\/wp-content\/uploads\/2021\/06\/greeting-the-sun-600w-550x367.jpg\" width=\"550\" height=\"550\" \/><\/div><span class=\"post-icon mt-theme-background\"><i class=\"ic-open open\"><\/i><\/span><div class=\"poster-info\"><div class=\"poster-cat\"><span class=\"mt-theme-text\">Drogodepend\u00e8ncia i\/o altres addiccions<\/span><\/div><div class=\"poster-data color-silver-light\"><span class=\"poster-views\">2830 <span class=\"mt-data-text\">Visites<\/span><\/span><\/div><\/div><\/a><div class=\"poster-content\"><div class=\"poster-cat\"><span class=\"mt-theme-text\">Drogodepend\u00e8ncia i\/o altres addiccions<\/span><\/div><div class=\"poster-data color-silver-light\"><span class=\"poster-views\">2830 <span class=\"mt-data-text\">Visites<\/span><\/span><\/div><a href=\"https:\/\/www.revistaalimara.net\/revista\/intervencio-psicologica-en-trauma-i-conductes-addictives-des-de-luca-abraca-els-teus-dimonis-un-cas-clinic-de-trauma-i-conducta-addictiva\/\"><h2>Intervenci\u00f3 psicol\u00f2gica en trauma i conductes addictives des de l&#8217;UCA. Abra\u00e7a els teus dimonis: un cas cl\u00ednic de trauma i conducta addictiva<\/h2><\/a><small class=\"mt-pl\"><strong class=\"mt-pl-a\">alimara<\/strong><span class=\"color-silver-light mt-ml\"> - <\/span><span class=\"color-silver-light mt-pl-d\">30 de juny de 2021<\/span><\/small><p>Paraules clau:\u00a0tractament de drogodepend\u00e8ncies, conductes addictives, processos relacionals, proc\u00e9s terap\u00e8utic. Resum En aquest article tractarem d'exposar una proposta d'intervenci\u00f3 psicol\u00f2gica des d'una unitat de conductes addictives (UCA)&hellip;<\/p><div class=\"hidden mt-readmore\"><a class=\"mt-readmore-url\" href=\"https:\/\/www.revistaalimara.net\/revista\/intervencio-psicologica-en-trauma-i-conductes-addictives-des-de-luca-abraca-els-teus-dimonis-un-cas-clinic-de-trauma-i-conducta-addictiva\/\">Veure article<\/a><\/div><\/div><div class=\"clearfix\"><\/div><\/div><\/div><div class=\"pagination\"><\/div><\/div><\/div><\/div><\/div><\/div>","protected":false},"excerpt":{"rendered":"<p>Paraules clau:\u00a0tractament de drogodepend\u00e8ncies, conductes addictives, processos relacionals, proc\u00e9s terap\u00e8utic. Resum En aquest article tractarem d&#8217;exposar una proposta d&#8217;intervenci\u00f3 psicol\u00f2gica des d&#8217;una unitat de conductes addictives (UCA) a partir de la presentaci\u00f3 d&#8217;un cas cl\u00ednic que presenta conducta addictiva amb pres\u00e8ncia de trauma. D&#8217;aquesta manera, la nostra intervenci\u00f3 va orientada a l&#8217;exposici\u00f3 gradual de l&#8217;experi\u00e8ncia [&hellip;]<\/p>\n","protected":false},"author":2,"featured_media":0,"parent":0,"menu_order":0,"comment_status":"closed","ping_status":"closed","template":"","meta":[],"_links":{"self":[{"href":"https:\/\/www.revistaalimara.net\/revista\/wp-json\/wp\/v2\/pages\/6217"}],"collection":[{"href":"https:\/\/www.revistaalimara.net\/revista\/wp-json\/wp\/v2\/pages"}],"about":[{"href":"https:\/\/www.revistaalimara.net\/revista\/wp-json\/wp\/v2\/types\/page"}],"author":[{"embeddable":true,"href":"https:\/\/www.revistaalimara.net\/revista\/wp-json\/wp\/v2\/users\/2"}],"replies":[{"embeddable":true,"href":"https:\/\/www.revistaalimara.net\/revista\/wp-json\/wp\/v2\/comments?post=6217"}],"version-history":[{"count":5,"href":"https:\/\/www.revistaalimara.net\/revista\/wp-json\/wp\/v2\/pages\/6217\/revisions"}],"predecessor-version":[{"id":6220,"href":"https:\/\/www.revistaalimara.net\/revista\/wp-json\/wp\/v2\/pages\/6217\/revisions\/6220"}],"wp:attachment":[{"href":"https:\/\/www.revistaalimara.net\/revista\/wp-json\/wp\/v2\/media?parent=6217"}],"curies":[{"name":"wp","href":"https:\/\/api.w.org\/{rel}","templated":true}]}}