{"id":4887,"date":"2020-11-27T09:13:54","date_gmt":"2020-11-27T08:13:54","guid":{"rendered":"http:\/\/www.revistaalimara.net\/revista\/?page_id=4887"},"modified":"2021-04-23T07:53:32","modified_gmt":"2021-04-23T06:53:32","slug":"epoca_6_62","status":"publish","type":"page","link":"https:\/\/www.revistaalimara.net\/revista\/epoca_6_62\/","title":{"rendered":"\u00c8poca_6_62"},"content":{"rendered":"<div id=\"pl-4887\"  class=\"panel-layout\" ><div id=\"pg-4887-0\"  class=\"panel-grid panel-no-style\" ><div id=\"pgc-4887-0-0\"  class=\"panel-grid-cell\" ><div id=\"panel-4887-0-0-0\" class=\"so-panel widget widget_sow-headline panel-first-child panel-last-child\" data-index=\"0\" ><div\n\t\t\t\n\t\t\tclass=\"so-widget-sow-headline so-widget-sow-headline-default-54d5f1ab2fc0-4887\"\n\t\t\t\n\t\t><div class=\"sow-headline-container \">\n\t<h1 class='sow-headline'>Articles<\/h1><h3 class='sow-sub-headline'>Descarregau els articles de la revista en format PDF<\/h3><\/div>\n<\/div><\/div><\/div><\/div><div id=\"pg-4887-1\"  class=\"panel-grid panel-no-style\" ><div id=\"pgc-4887-1-0\"  class=\"panel-grid-cell panel-grid-cell-empty\" ><\/div><\/div><div id=\"pg-4887-2\"  class=\"panel-grid panel-no-style\" ><div id=\"pgc-4887-2-0\"  class=\"panel-grid-cell\" ><div id=\"panel-4887-2-0-0\" class=\"so-panel widget widget_media_gallery panel-first-child panel-last-child\" data-index=\"1\" >\n\t\t<style type=\"text\/css\">\n\t\t\t#gallery-1 {\n\t\t\t\tmargin: auto;\n\t\t\t}\n\t\t\t#gallery-1 .gallery-item {\n\t\t\t\tfloat: left;\n\t\t\t\tmargin-top: 10px;\n\t\t\t\ttext-align: center;\n\t\t\t\twidth: 100%;\n\t\t\t}\n\t\t\t#gallery-1 img {\n\t\t\t\tborder: 2px solid #cfcfcf;\n\t\t\t}\n\t\t\t#gallery-1 .gallery-caption {\n\t\t\t\tmargin-left: 0;\n\t\t\t}\n\t\t\t\/* see gallery_shortcode() in wp-includes\/media.php *\/\n\t\t<\/style>\n\t\t<div id='gallery-1' class='gallery galleryid-4887 gallery-columns-1 gallery-size-large'><dl class='gallery-item'>\n\t\t\t<dt class='gallery-icon portrait'>\n\t\t\t\t<img width=\"451\" height=\"639\" src=\"https:\/\/www.revistaalimara.net\/revista\/wp-content\/uploads\/2020\/11\/Alimara_portada_62.jpg\" class=\"attachment-large size-large\" alt=\"\" decoding=\"async\" loading=\"lazy\" \/>\n\t\t\t<\/dt><\/dl><br style=\"clear: both\" \/>\n\t\t<\/div>\n<\/div><\/div><div id=\"pgc-4887-2-1\"  class=\"panel-grid-cell\" ><div id=\"panel-4887-2-1-0\" class=\"so-panel widget widget_sow-editor panel-first-child\" data-index=\"2\" ><div\n\t\t\t\n\t\t\tclass=\"so-widget-sow-editor so-widget-sow-editor-base\"\n\t\t\t\n\t\t>\n<div class=\"siteorigin-widget-tinymce textwidget\">\n\t<h6>Alimara. Novembre 2020<\/h6>\n<h3>N\u00daMERO 62<\/h3>\n<\/div>\n<\/div><\/div><div id=\"panel-4887-2-1-1\" class=\"so-panel widget widget_sow-button\" data-index=\"3\" ><div\n\t\t\t\n\t\t\tclass=\"so-widget-sow-button so-widget-sow-button-atom-accbd2cd5c79-4887\"\n\t\t\t\n\t\t><div class=\"ow-button-base ow-button-align-center\">\n\t<a\n\thref=\"http:\/\/www.revistaalimara.net\/revista\/wp-content\/uploads\/2020\/12\/Revista_Alimara_62.pdf\"\n\t\tclass=\"download ow-icon-placement-left ow-button-hover\" \t>\n\t\t<span>\n\t\t\t<span class=\"sow-icon-fontawesome sow-far\" data-sow-icon=\"&#xf1c1;\"\n\t\tstyle=\"\" \n\t\taria-hidden=\"true\"><\/span>\n\t\t\tDescarregau la revista sencera en PDF\t\t<\/span>\n\t<\/a>\n<\/div>\n<\/div><\/div><div id=\"panel-4887-2-1-2\" class=\"so-panel widget widget_sow-editor panel-last-child\" data-index=\"4\" ><div\n\t\t\t\n\t\t\tclass=\"so-widget-sow-editor so-widget-sow-editor-base\"\n\t\t\t\n\t\t>\n<div class=\"siteorigin-widget-tinymce textwidget\">\n\t<p>&nbsp;<\/p>\n<p><span style=\"color: #009fe3;\"><strong>\u00cdndex<\/strong><\/span><\/p>\n<p><strong>ATENCI\u00d3 A LES DROGODEPEND\u00c8NCIES<br \/>\n<\/strong><\/p>\n<p><em><a href=\"http:\/\/www.revistaalimara.net\/revista\/wp-content\/uploads\/2020\/11\/ALIM_62_art_1.pdf\">Afecci\u00f3 cap a figures parentals i la seva influ\u00e8ncia en el desenvolupament de conductes addictives<\/a><br \/>\n<\/em>Silvana Elisa Navarta<\/p>\n<p><a href=\"http:\/\/www.revistaalimara.net\/revista\/wp-content\/uploads\/2020\/12\/ALIM_62_art_2.pdf\"><em>Figues, ous i cartes que no lliguen. Esperant l\u2019esperit sant per iniciar la timba. L\u2019atenci\u00f3 a les drogodepend\u00e8ncies a la part forana<\/em><\/a><br \/>\nAlbert Moratinos Jaume<\/p>\n<p>&nbsp;<\/p>\n<p><strong>MUNICIPALITAT I TERCER SECTOR<br \/>\n<\/strong><\/p>\n<p><a href=\"http:\/\/www.revistaalimara.net\/revista\/wp-content\/uploads\/2020\/11\/ALIM_62_art_3.pdf\"><em>Servei Marratx\u00ed Social<\/em><\/a><em><br \/>\n<\/em>Toni Arb\u00f3s Purxet, Joana Maria Perell\u00f3 Cifre, \u00d3scar Honrado, L\u00f3pez-Menchero, Joan Puigserver Ferr\u00e0, Raquel Tapias P\u00e9rez, Maria del Mar Godoy Genovart, Maria Fiol Ruiz<\/p>\n<p>&nbsp;<\/p>\n<p><strong>SERVEIS D'ATENCI\u00d3 A LA INF\u00c0NCIA I A LA FAM\u00cdLIA<br \/>\n<\/strong><\/p>\n<p><a href=\"http:\/\/www.revistaalimara.net\/revista\/wp-content\/uploads\/2020\/11\/ALIM_62_art_4.pdf\"><em>Servei de Visites Familiars<\/em><\/a><em><br \/>\n<\/em>Cristina Clar Colom<\/p>\n<p>&nbsp;<\/p>\n<p><strong>ALTRES \u00c0MBITS DELS SERVEIS SOCIALS<br \/>\n<\/strong><\/p>\n<p><em><a href=\"http:\/\/www.revistaalimara.net\/revista\/wp-content\/uploads\/2020\/11\/ALIM_62_art_5.pdf\">Els sistemes d\u2019informaci\u00f3 geogr\u00e0fica en el tractament estad\u00edstic de dades dins l\u2019\u00e0mbit dels serveis socials: la introducci\u00f3 de la variable geogr\u00e0fica en l\u2019estudi de l\u2019impacte territorial de les pol\u00edtiques socials<\/a><br \/>\n<\/em>Miquela Maria Colom Ca\u00f1ellas<\/p>\n<\/div>\n<\/div><\/div><\/div><\/div><div id=\"pg-4887-3\"  class=\"panel-grid panel-no-style\" ><div id=\"pgc-4887-3-0\"  class=\"panel-grid-cell\" ><div id=\"panel-4887-3-0-0\" class=\"so-panel widget widget_sow-headline panel-first-child panel-last-child\" data-index=\"5\" ><div\n\t\t\t\n\t\t\tclass=\"so-widget-sow-headline so-widget-sow-headline-default-ea0af4cf39ae-4887\"\n\t\t\t\n\t\t><div class=\"sow-headline-container \">\n\t\t\t\t\t\t<div class=\"decoration\">\n\t\t\t\t\t\t<div class=\"decoration-inside\"><\/div>\n\t\t\t\t\t<\/div>\n\t\t\t\t\t<\/div>\n<\/div><\/div><\/div><\/div><div id=\"pg-4887-4\"  class=\"panel-grid panel-no-style\" ><div id=\"pgc-4887-4-0\"  class=\"panel-grid-cell\" ><div id=\"panel-4887-4-0-0\" class=\"widget_text so-panel widget widget_custom_html panel-first-child panel-last-child\" data-index=\"6\" ><div class=\"textwidget custom-html-widget\"><div class=\"line\">\n\t\n<\/div><\/div><\/div><\/div><\/div><\/div>","protected":false},"excerpt":{"rendered":"<p>ArticlesDescarregau els articles de la revista en format PDF Alimara. Novembre 2020 N\u00daMERO 62 Descarregau la revista sencera en PDF &nbsp; \u00cdndex ATENCI\u00d3 A LES DROGODEPEND\u00c8NCIES Afecci\u00f3 cap a figures parentals i la seva influ\u00e8ncia en el desenvolupament de conductes addictives Silvana Elisa Navarta Figues, ous i cartes que no lliguen. Esperant l\u2019esperit sant per [&hellip;]<\/p>\n","protected":false},"author":2,"featured_media":0,"parent":0,"menu_order":0,"comment_status":"closed","ping_status":"closed","template":"","meta":[],"_links":{"self":[{"href":"https:\/\/www.revistaalimara.net\/revista\/wp-json\/wp\/v2\/pages\/4887"}],"collection":[{"href":"https:\/\/www.revistaalimara.net\/revista\/wp-json\/wp\/v2\/pages"}],"about":[{"href":"https:\/\/www.revistaalimara.net\/revista\/wp-json\/wp\/v2\/types\/page"}],"author":[{"embeddable":true,"href":"https:\/\/www.revistaalimara.net\/revista\/wp-json\/wp\/v2\/users\/2"}],"replies":[{"embeddable":true,"href":"https:\/\/www.revistaalimara.net\/revista\/wp-json\/wp\/v2\/comments?post=4887"}],"version-history":[{"count":20,"href":"https:\/\/www.revistaalimara.net\/revista\/wp-json\/wp\/v2\/pages\/4887\/revisions"}],"predecessor-version":[{"id":5472,"href":"https:\/\/www.revistaalimara.net\/revista\/wp-json\/wp\/v2\/pages\/4887\/revisions\/5472"}],"wp:attachment":[{"href":"https:\/\/www.revistaalimara.net\/revista\/wp-json\/wp\/v2\/media?parent=4887"}],"curies":[{"name":"wp","href":"https:\/\/api.w.org\/{rel}","templated":true}]}}