{"id":4801,"date":"2020-10-28T12:47:57","date_gmt":"2020-10-28T11:47:57","guid":{"rendered":"http:\/\/www.revistaalimara.net\/revista\/?page_id=4801"},"modified":"2021-04-23T07:53:32","modified_gmt":"2021-04-23T06:53:32","slug":"epoca_6_61","status":"publish","type":"page","link":"https:\/\/www.revistaalimara.net\/revista\/epoca_6_61\/","title":{"rendered":"\u00c8poca_6_61"},"content":{"rendered":"<div id=\"pl-4801\"  class=\"panel-layout\" ><div id=\"pg-4801-0\"  class=\"panel-grid panel-has-style\" ><div class=\"siteorigin-panels-stretch panel-row-style panel-row-style-for-4801-0\" data-stretch-type=\"full-stretched-padded\" ><div id=\"pgc-4801-0-0\"  class=\"panel-grid-cell\" ><div id=\"panel-4801-0-0-0\" class=\"so-panel widget widget_sow-headline panel-first-child panel-last-child\" data-index=\"0\" ><div\n\t\t\t\n\t\t\tclass=\"so-widget-sow-headline so-widget-sow-headline-default-59dfc4e8e66e-4801\"\n\t\t\t\n\t\t><div class=\"sow-headline-container \">\n\t<h1 class='sow-headline'>Articles<\/h1><h3 class='sow-sub-headline'>Descarregau els articles de la revista en format PDF<\/h3><\/div>\n<\/div><\/div><\/div><\/div><\/div><div id=\"pg-4801-1\"  class=\"panel-grid panel-no-style\" ><div id=\"pgc-4801-1-0\"  class=\"panel-grid-cell panel-grid-cell-empty\" ><\/div><\/div><div id=\"pg-4801-2\"  class=\"panel-grid panel-no-style\" ><div id=\"pgc-4801-2-0\"  class=\"panel-grid-cell\" ><div id=\"panel-4801-2-0-0\" class=\"so-panel widget widget_media_gallery panel-first-child panel-last-child\" data-index=\"1\" >\n\t\t<style type=\"text\/css\">\n\t\t\t#gallery-1 {\n\t\t\t\tmargin: auto;\n\t\t\t}\n\t\t\t#gallery-1 .gallery-item {\n\t\t\t\tfloat: left;\n\t\t\t\tmargin-top: 10px;\n\t\t\t\ttext-align: center;\n\t\t\t\twidth: 100%;\n\t\t\t}\n\t\t\t#gallery-1 img {\n\t\t\t\tborder: 2px solid #cfcfcf;\n\t\t\t}\n\t\t\t#gallery-1 .gallery-caption {\n\t\t\t\tmargin-left: 0;\n\t\t\t}\n\t\t\t\/* see gallery_shortcode() in wp-includes\/media.php *\/\n\t\t<\/style>\n\t\t<div id='gallery-1' class='gallery galleryid-4801 gallery-columns-1 gallery-size-large'><dl class='gallery-item'>\n\t\t\t<dt class='gallery-icon portrait'>\n\t\t\t\t<img width=\"603\" height=\"883\" src=\"https:\/\/www.revistaalimara.net\/revista\/wp-content\/uploads\/2020\/01\/Portada_Alimara_61.jpg\" class=\"attachment-large size-large\" alt=\"\" decoding=\"async\" loading=\"lazy\" \/>\n\t\t\t<\/dt><\/dl><br style=\"clear: both\" \/>\n\t\t<\/div>\n<\/div><\/div><div id=\"pgc-4801-2-1\"  class=\"panel-grid-cell\" ><div id=\"panel-4801-2-1-0\" class=\"so-panel widget widget_sow-editor panel-first-child\" data-index=\"2\" ><div\n\t\t\t\n\t\t\tclass=\"so-widget-sow-editor so-widget-sow-editor-base\"\n\t\t\t\n\t\t>\n<div class=\"siteorigin-widget-tinymce textwidget\">\n\t<h6>Alimara. Novembre 2019<\/h6>\n<h3>N\u00daMERO 61<\/h3>\n<\/div>\n<\/div><\/div><div id=\"panel-4801-2-1-1\" class=\"so-panel widget widget_sow-button\" data-index=\"3\" ><div\n\t\t\t\n\t\t\tclass=\"so-widget-sow-button so-widget-sow-button-atom-856bc4319b16-4801\"\n\t\t\t\n\t\t><div class=\"ow-button-base ow-button-align-left\">\n\t<a\n\thref=\"http:\/\/www.revistaalimara.net\/revista\/wp-content\/uploads\/2020\/01\/ALIM_61_complet.pdf\"\n\t\tclass=\"download ow-icon-placement-left ow-button-hover\" target=\"_blank\" rel=\"noopener noreferrer\" \t>\n\t\t<span>\n\t\t\t<span class=\"sow-icon-fontawesome sow-far\" data-sow-icon=\"&#xf1c1;\"\n\t\tstyle=\"\" \n\t\taria-hidden=\"true\"><\/span>\n\t\t\tDescarregau la revista sencera en PDF\t\t<\/span>\n\t<\/a>\n<\/div>\n<\/div><\/div><div id=\"panel-4801-2-1-2\" class=\"so-panel widget widget_sow-editor panel-last-child\" data-index=\"4\" ><div\n\t\t\t\n\t\t\tclass=\"so-widget-sow-editor so-widget-sow-editor-base\"\n\t\t\t\n\t\t>\n<div class=\"siteorigin-widget-tinymce textwidget\">\n\t<p>&nbsp;<\/p>\n<p><span style=\"color: #009fe3;\"><strong>\u00cdndex<\/strong><\/span><\/p>\n<p><strong>PRESTACIONS I AJUDES ECON\u00d2MIQUES<br \/>\n<\/strong><\/p>\n<p><a href=\"http:\/\/www.revistaalimara.net\/revista\/wp-content\/uploads\/2019\/11\/Art_1_resoga.pdf\"><em>La Renda Social Garantida: una mesura per reduir la pobresa extrema. Traject\u00f2ria i impacte de les Illes Balears<\/em><\/a><em><br \/>\n<\/em>Ant\u00f2nia Pasqual Galm\u00e9s i Ant\u00f2nia Puiggr\u00f2s Rebassa<\/p>\n<p><a href=\"http:\/\/www.revistaalimara.net\/revista\/wp-content\/uploads\/2019\/11\/ALIM_61_art_2-1.pdf\"><em>Noves realitats i perfils de situacions de risc d'exclusi\u00f3 del Servei Especialitzat d'Inserci\u00f3 Social i Laboral, i la Renda M\u00ednima d'Inserci\u00f3<\/em><\/a><em><br \/>\n<\/em>Catalina Escanellas i Bruno Fern\u00e1ndez<\/p>\n<p><em><a href=\"http:\/\/www.revistaalimara.net\/revista\/wp-content\/uploads\/2020\/01\/ALIM_61_art_3.pdf\">Ajudes econ\u00f2miques individuals per a persones amb discapacitat<\/a><br \/>\n<\/em>Merc\u00e8 Garcia Roca<\/p>\n<p><strong>SERVEIS SOCIALS COMUNITARIS<br \/>\n<\/strong><\/p>\n<p><a href=\"http:\/\/www.revistaalimara.net\/revista\/wp-content\/uploads\/2019\/11\/ALIM_61_art_4-1.pdf\"><em>Els serveis socials comunitaris b\u00e0sics. 10 anys despr\u00e9s de la Llei 4\/2009 de serveis socials de les Illes Balears<\/em><\/a><em><br \/>\n<\/em>Juli\u00e0 Baltasar Jaume<\/p>\n<p><a href=\"http:\/\/www.revistaalimara.net\/revista\/wp-content\/uploads\/2019\/12\/ALIM_61_art_5.pdf\"><em>El perfil professional del psic\u00f2leg o psic\u00f2loga dins l'\u00e0mbit dels serveis socials municipals i impacte dintre del circuit de protecci\u00f3 del menor<\/em><\/a><em><br \/>\n<\/em>Sebasti\u00e0 Trias Salom<\/p>\n<p><strong>INF\u00c0NCIA, ADOLESC\u00c8NCIA I FAM\u00cdLIA<br \/>\n<\/strong><\/p>\n<p><a href=\"http:\/\/www.revistaalimara.net\/revista\/wp-content\/uploads\/2019\/12\/ALIM_61_art_6.pdf\"><em>La Llei de l'atenci\u00f3 i els drets de la inf\u00e0ncia i l'adolesc\u00e8ncia de les Illes Balears. Una aposta per la prevenci\u00f3 comunit\u00e0ria<\/em><\/a><em><br \/>\n<\/em>Alonso Medinas Prats<\/p>\n<p><em><a href=\"http:\/\/www.revistaalimara.net\/revista\/wp-content\/uploads\/2019\/12\/ALIM_61_art_7.pdf\">L'adhesi\u00f3 dels Consells Insulars al Pacte Balear per la Inf\u00e0ncia. Una aposta per posar la inf\u00e0ncia a l'agenda pol\u00edtica de les institucions insulars de les Illes Balears<\/a><br \/>\n<\/em>Seraf\u00edn Carballo Garc\u00eda<\/p>\n<p><strong>ATENCI\u00d3 A PERSONES AMB DISCAPACITAT<\/strong><\/p>\n<p><em><a href=\"http:\/\/www.revistaalimara.net\/revista\/wp-content\/uploads\/2019\/12\/ALIM_61_art_8.pdf\">Soc sord, parlo i necessito que m'escoltis. Realitat actual de la sordesa, implicacions<\/a><br \/>\n<\/em>Carme Zoilo i Llu\u00eds Soler<\/p>\n<p><em><a href=\"http:\/\/www.revistaalimara.net\/revista\/wp-content\/uploads\/2019\/12\/ALIM_61_art_9.pdf\">Programa de promoci\u00f3 i recuperaci\u00f3 de l'autonomia funcional (PROA)<\/a><br \/>\n<\/em>Francisca Massip Sastre i Diana Carolina Quiroga Parada<\/p>\n<p><em><a href=\"http:\/\/www.revistaalimara.net\/revista\/wp-content\/uploads\/2019\/12\/ALIM_61_art_10.pdf\">El proc\u00e9s terap\u00e8utic de n'Amparo al programa PROA<\/a><br \/>\n<\/em>Diana C. Quiroga Parada, Marta Puig Comas, Seraf\u00ed Jum\u00e9nez Rodr\u00edguez, Laura Gonz\u00e1lez Arribas, Ana Mart\u00edn Cruz, Elisabet Maria Perell\u00f3 Valls<\/p>\n<p><strong>ATENCI\u00d3 A LA DEPEND\u00c8NCIA<br \/>\n<\/strong><\/p>\n<p><em><a href=\"http:\/\/www.revistaalimara.net\/revista\/wp-content\/uploads\/2019\/12\/ALIM_61_art_11.pdf\">El Servei d'Atenci\u00f3 Integral a Domicili (SAID)<\/a><\/em><br \/>\nMar\u00eda \u00c1ngeles P\u00e9rez Albert\u00ed, Maria Magdalena Matamalas Gonz\u00e1lez, Laura Pioletti i Elena Maria Serrano Bujalance<\/p>\n<\/div>\n<\/div><\/div><\/div><\/div><div id=\"pg-4801-3\"  class=\"panel-grid panel-no-style\" ><div id=\"pgc-4801-3-0\"  class=\"panel-grid-cell\" ><div id=\"panel-4801-3-0-0\" class=\"so-panel widget widget_sow-headline panel-first-child panel-last-child\" data-index=\"5\" ><div\n\t\t\t\n\t\t\tclass=\"so-widget-sow-headline so-widget-sow-headline-default-ea0af4cf39ae-4801\"\n\t\t\t\n\t\t><div class=\"sow-headline-container \">\n\t\t\t\t\t\t<div class=\"decoration\">\n\t\t\t\t\t\t<div class=\"decoration-inside\"><\/div>\n\t\t\t\t\t<\/div>\n\t\t\t\t\t<\/div>\n<\/div><\/div><\/div><\/div><div id=\"pg-4801-4\"  class=\"panel-grid panel-no-style\" ><div id=\"pgc-4801-4-0\"  class=\"panel-grid-cell\" ><div id=\"panel-4801-4-0-0\" class=\"widget_text so-panel widget widget_custom_html panel-first-child panel-last-child\" data-index=\"6\" ><div class=\"textwidget custom-html-widget\"><div class=\"line\">\n\t\n<\/div><\/div><\/div><\/div><\/div><\/div>","protected":false},"excerpt":{"rendered":"<p>ArticlesDescarregau els articles de la revista en format PDF Alimara. Novembre 2019 N\u00daMERO 61 Descarregau la revista sencera en PDF &nbsp; \u00cdndex PRESTACIONS I AJUDES ECON\u00d2MIQUES La Renda Social Garantida: una mesura per reduir la pobresa extrema. Traject\u00f2ria i impacte de les Illes Balears Ant\u00f2nia Pasqual Galm\u00e9s i Ant\u00f2nia Puiggr\u00f2s Rebassa Noves realitats i perfils [&hellip;]<\/p>\n","protected":false},"author":2,"featured_media":0,"parent":0,"menu_order":0,"comment_status":"closed","ping_status":"closed","template":"","meta":[],"_links":{"self":[{"href":"https:\/\/www.revistaalimara.net\/revista\/wp-json\/wp\/v2\/pages\/4801"}],"collection":[{"href":"https:\/\/www.revistaalimara.net\/revista\/wp-json\/wp\/v2\/pages"}],"about":[{"href":"https:\/\/www.revistaalimara.net\/revista\/wp-json\/wp\/v2\/types\/page"}],"author":[{"embeddable":true,"href":"https:\/\/www.revistaalimara.net\/revista\/wp-json\/wp\/v2\/users\/2"}],"replies":[{"embeddable":true,"href":"https:\/\/www.revistaalimara.net\/revista\/wp-json\/wp\/v2\/comments?post=4801"}],"version-history":[{"count":20,"href":"https:\/\/www.revistaalimara.net\/revista\/wp-json\/wp\/v2\/pages\/4801\/revisions"}],"predecessor-version":[{"id":4903,"href":"https:\/\/www.revistaalimara.net\/revista\/wp-json\/wp\/v2\/pages\/4801\/revisions\/4903"}],"wp:attachment":[{"href":"https:\/\/www.revistaalimara.net\/revista\/wp-json\/wp\/v2\/media?parent=4801"}],"curies":[{"name":"wp","href":"https:\/\/api.w.org\/{rel}","templated":true}]}}