{"id":4046,"date":"2019-08-20T14:07:09","date_gmt":"2019-08-20T12:07:09","guid":{"rendered":"http:\/\/www.revistaalimara.net\/revista\/?page_id=4046"},"modified":"2021-04-23T07:53:33","modified_gmt":"2021-04-23T06:53:33","slug":"epoca-5_58","status":"publish","type":"page","link":"https:\/\/www.revistaalimara.net\/revista\/epoca-5_58\/","title":{"rendered":"\u00c8poca 5_58"},"content":{"rendered":"<div id=\"pl-4046\"  class=\"panel-layout\" ><div id=\"pg-4046-0\"  class=\"panel-grid panel-has-style\" ><div class=\"siteorigin-panels-stretch panel-row-style panel-row-style-for-4046-0\" data-stretch-type=\"full-stretched-padded\" ><div id=\"pgc-4046-0-0\"  class=\"panel-grid-cell\" ><div id=\"panel-4046-0-0-0\" class=\"so-panel widget widget_sow-headline panel-first-child panel-last-child\" data-index=\"0\" ><div\n\t\t\t\n\t\t\tclass=\"so-widget-sow-headline so-widget-sow-headline-default-7623362f815e-4046\"\n\t\t\t\n\t\t><div class=\"sow-headline-container \">\n\t<h1 class='sow-headline'>Articles<\/h1><h3 class='sow-sub-headline'>Descarrega't aqu\u00ed les versions en PDF del articles de la revista<\/h3><\/div>\n<\/div><\/div><\/div><\/div><\/div><div id=\"pg-4046-1\"  class=\"panel-grid panel-has-style\" ><div class=\"panel-row-style panel-row-style-for-4046-1\" ><div id=\"pgc-4046-1-0\"  class=\"panel-grid-cell panel-grid-cell-empty\" ><\/div><\/div><\/div><div id=\"pg-4046-2\"  class=\"panel-grid panel-no-style\" ><div id=\"pgc-4046-2-0\"  class=\"panel-grid-cell\" ><div id=\"panel-4046-2-0-0\" class=\"so-panel widget widget_media_gallery panel-first-child panel-last-child\" data-index=\"1\" >\n\t\t<style type=\"text\/css\">\n\t\t\t#gallery-1 {\n\t\t\t\tmargin: auto;\n\t\t\t}\n\t\t\t#gallery-1 .gallery-item {\n\t\t\t\tfloat: left;\n\t\t\t\tmargin-top: 10px;\n\t\t\t\ttext-align: center;\n\t\t\t\twidth: 100%;\n\t\t\t}\n\t\t\t#gallery-1 img {\n\t\t\t\tborder: 2px solid #cfcfcf;\n\t\t\t}\n\t\t\t#gallery-1 .gallery-caption {\n\t\t\t\tmargin-left: 0;\n\t\t\t}\n\t\t\t\/* see gallery_shortcode() in wp-includes\/media.php *\/\n\t\t<\/style>\n\t\t<div id='gallery-1' class='gallery galleryid-4046 gallery-columns-1 gallery-size-large'><dl class='gallery-item'>\n\t\t\t<dt class='gallery-icon portrait'>\n\t\t\t\t<a href='https:\/\/www.revistaalimara.net\/revista\/wp-content\/uploads\/2019\/08\/Portada_num58.jpg'><img width=\"595\" height=\"841\" src=\"https:\/\/www.revistaalimara.net\/revista\/wp-content\/uploads\/2019\/08\/Portada_num58.jpg\" class=\"attachment-large size-large\" alt=\"\" decoding=\"async\" loading=\"lazy\" \/><\/a>\n\t\t\t<\/dt><\/dl><br style=\"clear: both\" \/>\n\t\t<\/div>\n<\/div><\/div><div id=\"pgc-4046-2-1\"  class=\"panel-grid-cell\" ><div id=\"panel-4046-2-1-0\" class=\"so-panel widget widget_sow-editor panel-first-child\" data-index=\"2\" ><div\n\t\t\t\n\t\t\tclass=\"so-widget-sow-editor so-widget-sow-editor-base\"\n\t\t\t\n\t\t>\n<div class=\"siteorigin-widget-tinymce textwidget\">\n\t<h6>Alimara. Mar\u00e7 2014<\/h6>\n<h3>N\u00daMERO 58<\/h3>\n<\/div>\n<\/div><\/div><div id=\"panel-4046-2-1-1\" class=\"so-panel widget widget_sow-button\" data-index=\"3\" ><div\n\t\t\t\n\t\t\tclass=\"so-widget-sow-button so-widget-sow-button-atom-8294661747ec-4046\"\n\t\t\t\n\t\t><div class=\"ow-button-base ow-button-align-left\">\n\t<a\n\thref=\"http:\/\/www.revistaalimara.net\/revista\/wp-content\/uploads\/2019\/08\/Revista-Alimara_num-58_Epoca-5.pdf\"\n\t\tclass=\"download ow-icon-placement-left ow-button-hover\" target=\"_blank\" rel=\"noopener noreferrer\" \t>\n\t\t<span>\n\t\t\t<span class=\"sow-icon-fontawesome sow-far\" data-sow-icon=\"&#xf1c1;\"\n\t\tstyle=\"\" \n\t\taria-hidden=\"true\"><\/span>\n\t\t\tDescarrega't la revista sencera en pdf \t\t<\/span>\n\t<\/a>\n<\/div>\n<\/div><\/div><div id=\"panel-4046-2-1-2\" class=\"so-panel widget widget_sow-editor panel-last-child\" data-index=\"4\" ><div\n\t\t\t\n\t\t\tclass=\"so-widget-sow-editor so-widget-sow-editor-base\"\n\t\t\t\n\t\t>\n<div class=\"siteorigin-widget-tinymce textwidget\">\n\t<p>&nbsp;<\/p>\n<p><span style=\"color: #009fe3;\"><strong>\u00cdndex<\/strong><\/span><\/p>\n<p style=\"padding-left: 30px;\"><a href=\"http:\/\/www.revistaalimara.net\/revista\/wp-content\/uploads\/2019\/08\/Article_Revista-Alimara_num-58_Francesc-Serra.pdf\"><em>L'evoluci\u00f3 en l'aplicaci\u00f3 del model de treball amb suport en el Consell de Mallorca.<\/em><\/a><em><br \/>\n<\/em>Francesc Serra<\/p>\n<p style=\"padding-left: 30px;\"><a href=\"http:\/\/www.revistaalimara.net\/revista\/wp-content\/uploads\/2019\/08\/Article_Revista-Alimara_num-58_Ferran-Bellver.pdf\"><em>El Treball amb Suport a Europa<\/em><em>.<\/em><\/a><em><br \/>\n<\/em>Ferran Bellver Silv\u00e1n<\/p>\n<p style=\"padding-left: 30px;\"><a href=\"http:\/\/www.revistaalimara.net\/revista\/wp-content\/uploads\/2019\/08\/Article_Revista-Alimara_num-58_Aina-Maria-Coll_Maria-Agnes-melia.pdf\"><em>El Treball amb Suport a ASPAS i Coordinadora-Federaci\u00f3 Balear de Persones amb Discapacitat.<\/em><\/a><em><br \/>\n<\/em>Aina Maria Coll Morro i Maria Agn\u00e8s Meli\u00e0 Barcel\u00f3<\/p>\n<p style=\"padding-left: 30px;\"><a href=\"http:\/\/www.revistaalimara.net\/revista\/wp-content\/uploads\/2019\/08\/Article_Revista-Alimara_num-58_Servei-Insercio-Laboral.pdf\"><em>Treball amb Suport a AMADIP.ESMENT.<\/em><\/a><em><br \/>\n<\/em>Serveis d'Inserci\u00f3 Laboral<\/p>\n<p style=\"padding-left: 30px;\"><em><a href=\"http:\/\/www.revistaalimara.net\/revista\/wp-content\/uploads\/2019\/08\/Article_Revista-Alimara_num-58_Laura-Prados_Rafel-Cladera.pdf\">Especialista en preparaci\u00f3 laboral\/Preparaci\u00f3 laboral: perfil i \u00e0mbits d'actuaci\u00f3.<\/a><br \/>\n<\/em>Laura Prados Mas i Rafel Cladera Bernardino<\/p>\n<p style=\"padding-left: 30px;\"><a href=\"http:\/\/www.revistaalimara.net\/revista\/wp-content\/uploads\/2019\/08\/Article_Revista-Alimara_num-58_Payeres_Amer_Pons_Sanz_Coll.pdf\"><em>15 anys de \"Palma Segle XXI\".<\/em><\/a><em><br \/>\n<\/em>Jaume Payeres Vives, Catalina Amer Ballester, Fina Pons Vidal, Iria Sanz V\u00e1zquez i Aina Maria Coll Morro<\/p>\n<p style=\"padding-left: 30px;\"><em><a href=\"http:\/\/www.revistaalimara.net\/revista\/wp-content\/uploads\/2019\/08\/Article_Revista-Alimara_num-58_Antonia-Llabres.pdf\">El preparador laboral. La descripci\u00f3 d'un proc\u00e9s d'inserci\u00f3.<\/a><br \/>\n<\/em>Ant\u00f2nia Llabr\u00e9s<\/p>\n<p style=\"padding-left: 30px;\"><em><a href=\"http:\/\/www.revistaalimara.net\/revista\/wp-content\/uploads\/2019\/08\/Article_Revista-Alimara_num-58_Joan-Miquel-Fiol_Francesc-Serra.pdf\">L'evoluci\u00f3 del treball amb suport a les Illes Balears: la din\u00e0mica i flexibilitat del proc\u00e9s d'inserci\u00f3.<\/a><br \/>\n<\/em>Joan Miquel Fiol i Francesc Serra<\/p>\n<p style=\"padding-left: 30px;\"><a href=\"http:\/\/www.revistaalimara.net\/revista\/wp-content\/uploads\/2019\/08\/Article_Revista-Alimara_num-58_Albert-Garau.pdf\"><em>La recerca de feina en el model de Treball amb Suport.<\/em><\/a><em><br \/>\n<\/em>Albert Garau<\/p>\n<\/div>\n<\/div><\/div><\/div><\/div><div id=\"pg-4046-3\"  class=\"panel-grid panel-has-style\" ><div class=\"siteorigin-panels-stretch panel-row-style panel-row-style-for-4046-3\" data-stretch-type=\"full-stretched-padded\" ><div id=\"pgc-4046-3-0\"  class=\"panel-grid-cell\" ><div id=\"panel-4046-3-0-0\" class=\"so-panel widget widget_sow-headline panel-first-child panel-last-child\" data-index=\"5\" ><div\n\t\t\t\n\t\t\tclass=\"so-widget-sow-headline so-widget-sow-headline-default-7623362f815e-4046\"\n\t\t\t\n\t\t><div class=\"sow-headline-container \">\n\t<\/div>\n<\/div><\/div><\/div><\/div><\/div><div id=\"pg-4046-4\"  class=\"panel-grid panel-has-style\" ><div class=\"panel-row-style panel-row-style-for-4046-4\" ><div id=\"pgc-4046-4-0\"  class=\"panel-grid-cell panel-grid-cell-empty\" ><\/div><\/div><\/div><div id=\"pg-4046-5\"  class=\"panel-grid panel-no-style\" ><div id=\"pgc-4046-5-0\"  class=\"panel-grid-cell\" ><div id=\"panel-4046-5-0-0\" class=\"widget_text so-panel widget widget_custom_html panel-first-child panel-last-child\" data-index=\"6\" ><div class=\"textwidget custom-html-widget\"><div class=\"line\">\n\t\n<\/div><\/div><\/div><\/div><\/div><\/div>","protected":false},"excerpt":{"rendered":"<p>ArticlesDescarrega&#8217;t aqu\u00ed les versions en PDF del articles de la revista Alimara. Mar\u00e7 2014 N\u00daMERO 58 Descarrega&#8217;t la revista sencera en pdf &nbsp; \u00cdndex L&#8217;evoluci\u00f3 en l&#8217;aplicaci\u00f3 del model de treball amb suport en el Consell de Mallorca. Francesc Serra El Treball amb Suport a Europa. Ferran Bellver Silv\u00e1n El Treball amb Suport a ASPAS [&hellip;]<\/p>\n","protected":false},"author":2,"featured_media":0,"parent":0,"menu_order":0,"comment_status":"closed","ping_status":"closed","template":"","meta":[],"_links":{"self":[{"href":"https:\/\/www.revistaalimara.net\/revista\/wp-json\/wp\/v2\/pages\/4046"}],"collection":[{"href":"https:\/\/www.revistaalimara.net\/revista\/wp-json\/wp\/v2\/pages"}],"about":[{"href":"https:\/\/www.revistaalimara.net\/revista\/wp-json\/wp\/v2\/types\/page"}],"author":[{"embeddable":true,"href":"https:\/\/www.revistaalimara.net\/revista\/wp-json\/wp\/v2\/users\/2"}],"replies":[{"embeddable":true,"href":"https:\/\/www.revistaalimara.net\/revista\/wp-json\/wp\/v2\/comments?post=4046"}],"version-history":[{"count":5,"href":"https:\/\/www.revistaalimara.net\/revista\/wp-json\/wp\/v2\/pages\/4046\/revisions"}],"predecessor-version":[{"id":4713,"href":"https:\/\/www.revistaalimara.net\/revista\/wp-json\/wp\/v2\/pages\/4046\/revisions\/4713"}],"wp:attachment":[{"href":"https:\/\/www.revistaalimara.net\/revista\/wp-json\/wp\/v2\/media?parent=4046"}],"curies":[{"name":"wp","href":"https:\/\/api.w.org\/{rel}","templated":true}]}}