{"id":4036,"date":"2019-08-20T12:52:01","date_gmt":"2019-08-20T10:52:01","guid":{"rendered":"http:\/\/www.revistaalimara.net\/revista\/?page_id=4036"},"modified":"2021-04-23T07:53:33","modified_gmt":"2021-04-23T06:53:33","slug":"epoca-5_56","status":"publish","type":"page","link":"https:\/\/www.revistaalimara.net\/revista\/epoca-5_56\/","title":{"rendered":"\u00c8poca 5_56"},"content":{"rendered":"<div id=\"pl-4036\"  class=\"panel-layout\" ><div id=\"pg-4036-0\"  class=\"panel-grid panel-has-style\" ><div class=\"siteorigin-panels-stretch panel-row-style panel-row-style-for-4036-0\" data-stretch-type=\"full-stretched-padded\" ><div id=\"pgc-4036-0-0\"  class=\"panel-grid-cell\" ><div id=\"panel-4036-0-0-0\" class=\"so-panel widget widget_sow-headline panel-first-child panel-last-child\" data-index=\"0\" ><div\n\t\t\t\n\t\t\tclass=\"so-widget-sow-headline so-widget-sow-headline-default-7623362f815e-4036\"\n\t\t\t\n\t\t><div class=\"sow-headline-container \">\n\t<h1 class='sow-headline'>Articles<\/h1><h3 class='sow-sub-headline'>Descarrega't aqu\u00ed les versions en PDF del articles de la revista<\/h3><\/div>\n<\/div><\/div><\/div><\/div><\/div><div id=\"pg-4036-1\"  class=\"panel-grid panel-has-style\" ><div class=\"panel-row-style panel-row-style-for-4036-1\" ><div id=\"pgc-4036-1-0\"  class=\"panel-grid-cell panel-grid-cell-empty\" ><\/div><\/div><\/div><div id=\"pg-4036-2\"  class=\"panel-grid panel-no-style\" ><div id=\"pgc-4036-2-0\"  class=\"panel-grid-cell\" ><div id=\"panel-4036-2-0-0\" class=\"so-panel widget widget_media_gallery panel-first-child panel-last-child\" data-index=\"1\" >\n\t\t<style type=\"text\/css\">\n\t\t\t#gallery-1 {\n\t\t\t\tmargin: auto;\n\t\t\t}\n\t\t\t#gallery-1 .gallery-item {\n\t\t\t\tfloat: left;\n\t\t\t\tmargin-top: 10px;\n\t\t\t\ttext-align: center;\n\t\t\t\twidth: 100%;\n\t\t\t}\n\t\t\t#gallery-1 img {\n\t\t\t\tborder: 2px solid #cfcfcf;\n\t\t\t}\n\t\t\t#gallery-1 .gallery-caption {\n\t\t\t\tmargin-left: 0;\n\t\t\t}\n\t\t\t\/* see gallery_shortcode() in wp-includes\/media.php *\/\n\t\t<\/style>\n\t\t<div id='gallery-1' class='gallery galleryid-4036 gallery-columns-1 gallery-size-large'><dl class='gallery-item'>\n\t\t\t<dt class='gallery-icon portrait'>\n\t\t\t\t<a href='https:\/\/www.revistaalimara.net\/revista\/wp-content\/uploads\/2019\/08\/Portada_num56.jpg'><img width=\"595\" height=\"841\" src=\"https:\/\/www.revistaalimara.net\/revista\/wp-content\/uploads\/2019\/08\/Portada_num56.jpg\" class=\"attachment-large size-large\" alt=\"\" decoding=\"async\" loading=\"lazy\" \/><\/a>\n\t\t\t<\/dt><\/dl><br style=\"clear: both\" \/>\n\t\t<\/div>\n<\/div><\/div><div id=\"pgc-4036-2-1\"  class=\"panel-grid-cell\" ><div id=\"panel-4036-2-1-0\" class=\"so-panel widget widget_sow-editor panel-first-child\" data-index=\"2\" ><div\n\t\t\t\n\t\t\tclass=\"so-widget-sow-editor so-widget-sow-editor-base\"\n\t\t\t\n\t\t>\n<div class=\"siteorigin-widget-tinymce textwidget\">\n\t<h6>Alimara. Juny 2011<\/h6>\n<h3>N\u00daMERO 56<\/h3>\n<\/div>\n<\/div><\/div><div id=\"panel-4036-2-1-1\" class=\"so-panel widget widget_sow-button\" data-index=\"3\" ><div\n\t\t\t\n\t\t\tclass=\"so-widget-sow-button so-widget-sow-button-atom-8294661747ec-4036\"\n\t\t\t\n\t\t><div class=\"ow-button-base ow-button-align-left\">\n\t<a\n\thref=\"http:\/\/www.revistaalimara.net\/revista\/wp-content\/uploads\/2019\/08\/Revista-Alimara_num-56_Epoca-5.pdf\"\n\t\tclass=\"download ow-icon-placement-left ow-button-hover\" target=\"_blank\" rel=\"noopener noreferrer\" \t>\n\t\t<span>\n\t\t\t<span class=\"sow-icon-fontawesome sow-far\" data-sow-icon=\"&#xf1c1;\"\n\t\tstyle=\"\" \n\t\taria-hidden=\"true\"><\/span>\n\t\t\tDescarrega't la revista sencera en pdf \t\t<\/span>\n\t<\/a>\n<\/div>\n<\/div><\/div><div id=\"panel-4036-2-1-2\" class=\"so-panel widget widget_sow-editor panel-last-child\" data-index=\"4\" ><div\n\t\t\t\n\t\t\tclass=\"so-widget-sow-editor so-widget-sow-editor-base\"\n\t\t\t\n\t\t>\n<div class=\"siteorigin-widget-tinymce textwidget\">\n\t<p>&nbsp;<\/p>\n<p><span style=\"color: #009fe3;\"><strong>\u00cdndex<\/strong><\/span><\/p>\n<p style=\"padding-left: 30px;\"><a href=\"http:\/\/www.revistaalimara.net\/revista\/wp-content\/uploads\/2019\/08\/Article_Revista-Alimara_num-56_Santiago-Lesmes.pdf\"><em>Contractaci\u00f3 p\u00fablica socialment responsable.<\/em><\/a><em><br \/>\n<\/em>Santiago Lesmes Zabalegui<\/p>\n<p style=\"padding-left: 30px;\"><a href=\"http:\/\/www.revistaalimara.net\/revista\/wp-content\/uploads\/2019\/08\/Article_Revista-Alimara_num-56_Teresa-Suarez.pdf\"><em>L'IMAS i la contractaci\u00f3 p\u00fablica socialment responsable.<\/em><\/a><em><br \/>\n<\/em>Teresa Su\u00e0rez Genovard<\/p>\n<p style=\"padding-left: 30px;\"><a href=\"http:\/\/www.revistaalimara.net\/revista\/wp-content\/uploads\/2019\/08\/Article_Revista-Alimara_num-56_Immaculada-Borras.pdf\"><em>Aspectes legals de la contractaci\u00f3 p\u00fablica amb cl\u00e0usules socials.<\/em><\/a><em><br \/>\n<\/em>Immaculada Borr\u00e0s Salas<\/p>\n<p style=\"padding-left: 30px;\"><a href=\"http:\/\/www.revistaalimara.net\/revista\/wp-content\/uploads\/2019\/08\/Article_Revista-Alimara_num-56_Jordi-Lopez.pdf\"><em>Cl\u00e0usules socials, una eina en favor de la inserci\u00f3.<\/em><\/a><em><br \/>\n<\/em>Jordi L\u00f3pez Bezunartea<\/p>\n<p style=\"padding-left: 30px;\"><a href=\"http:\/\/www.revistaalimara.net\/revista\/wp-content\/uploads\/2019\/08\/Article_Revista-Alimara_num-56_Antoni-Amengual.pdf\"><em>L'estalvi \u00e8tic.<\/em><\/a><em><br \/>\n<\/em>Antoni Amengual<\/p>\n<p style=\"padding-left: 30px;\"><a href=\"http:\/\/www.revistaalimara.net\/revista\/wp-content\/uploads\/2019\/08\/Article_Revista-Alimara_num-56_Marta-Pizarro.pdf\"><em>Qu\u00e8 \u00e9s S'Altra Senalla.<\/em><\/a><em><br \/>\n<\/em>Marta Pizarro<\/p>\n<p style=\"padding-left: 30px;\"><em><a href=\"http:\/\/www.revistaalimara.net\/revista\/wp-content\/uploads\/2019\/08\/Article_Revista-Alimara_num-56_Jennifer-Almeida.pdf\">Comentaris a Situaci\u00f3n actual y retos del r\u00e9gimen jur\u00eddico del trabajo de personas en situaci\u00f3n de exclusi\u00f3n social y con discapacidad en Espa\u00f1a.<\/a><br \/>\n<\/em>Jennifer Almeida Morales<\/p>\n<p style=\"padding-left: 30px;\"><em><a href=\"http:\/\/www.revistaalimara.net\/revista\/wp-content\/uploads\/2019\/08\/Article_Revista-Alimara_num-56_Redaccio.pdf\">Entrevista a Kika Colom.<\/a><br \/>\n<\/em>Redacci\u00f3<\/p>\n<\/div>\n<\/div><\/div><\/div><\/div><div id=\"pg-4036-3\"  class=\"panel-grid panel-has-style\" ><div class=\"siteorigin-panels-stretch panel-row-style panel-row-style-for-4036-3\" data-stretch-type=\"full-stretched-padded\" ><div id=\"pgc-4036-3-0\"  class=\"panel-grid-cell\" ><div id=\"panel-4036-3-0-0\" class=\"so-panel widget widget_sow-headline panel-first-child panel-last-child\" data-index=\"5\" ><div\n\t\t\t\n\t\t\tclass=\"so-widget-sow-headline so-widget-sow-headline-default-7623362f815e-4036\"\n\t\t\t\n\t\t><div class=\"sow-headline-container \">\n\t<\/div>\n<\/div><\/div><\/div><\/div><\/div><div id=\"pg-4036-4\"  class=\"panel-grid panel-has-style\" ><div class=\"panel-row-style panel-row-style-for-4036-4\" ><div id=\"pgc-4036-4-0\"  class=\"panel-grid-cell panel-grid-cell-empty\" ><\/div><\/div><\/div><div id=\"pg-4036-5\"  class=\"panel-grid panel-no-style\" ><div id=\"pgc-4036-5-0\"  class=\"panel-grid-cell\" ><div id=\"panel-4036-5-0-0\" class=\"widget_text so-panel widget widget_custom_html panel-first-child panel-last-child\" data-index=\"6\" ><div class=\"textwidget custom-html-widget\"><div class=\"line\">\n\t\n<\/div><\/div><\/div><\/div><\/div><\/div>","protected":false},"excerpt":{"rendered":"<p>ArticlesDescarrega&#8217;t aqu\u00ed les versions en PDF del articles de la revista Alimara. Juny 2011 N\u00daMERO 56 Descarrega&#8217;t la revista sencera en pdf &nbsp; \u00cdndex Contractaci\u00f3 p\u00fablica socialment responsable. Santiago Lesmes Zabalegui L&#8217;IMAS i la contractaci\u00f3 p\u00fablica socialment responsable. Teresa Su\u00e0rez Genovard Aspectes legals de la contractaci\u00f3 p\u00fablica amb cl\u00e0usules socials. Immaculada Borr\u00e0s Salas Cl\u00e0usules socials, [&hellip;]<\/p>\n","protected":false},"author":2,"featured_media":0,"parent":0,"menu_order":0,"comment_status":"closed","ping_status":"closed","template":"","meta":[],"_links":{"self":[{"href":"https:\/\/www.revistaalimara.net\/revista\/wp-json\/wp\/v2\/pages\/4036"}],"collection":[{"href":"https:\/\/www.revistaalimara.net\/revista\/wp-json\/wp\/v2\/pages"}],"about":[{"href":"https:\/\/www.revistaalimara.net\/revista\/wp-json\/wp\/v2\/types\/page"}],"author":[{"embeddable":true,"href":"https:\/\/www.revistaalimara.net\/revista\/wp-json\/wp\/v2\/users\/2"}],"replies":[{"embeddable":true,"href":"https:\/\/www.revistaalimara.net\/revista\/wp-json\/wp\/v2\/comments?post=4036"}],"version-history":[{"count":8,"href":"https:\/\/www.revistaalimara.net\/revista\/wp-json\/wp\/v2\/pages\/4036\/revisions"}],"predecessor-version":[{"id":4145,"href":"https:\/\/www.revistaalimara.net\/revista\/wp-json\/wp\/v2\/pages\/4036\/revisions\/4145"}],"wp:attachment":[{"href":"https:\/\/www.revistaalimara.net\/revista\/wp-json\/wp\/v2\/media?parent=4036"}],"curies":[{"name":"wp","href":"https:\/\/api.w.org\/{rel}","templated":true}]}}