{"id":4024,"date":"2019-08-20T12:23:35","date_gmt":"2019-08-20T10:23:35","guid":{"rendered":"http:\/\/www.revistaalimara.net\/revista\/?page_id=4024"},"modified":"2021-04-23T07:53:33","modified_gmt":"2021-04-23T06:53:33","slug":"epoca-5_55","status":"publish","type":"page","link":"https:\/\/www.revistaalimara.net\/revista\/epoca-5_55\/","title":{"rendered":"\u00c8poca 5_55"},"content":{"rendered":"<div id=\"pl-4024\"  class=\"panel-layout\" ><div id=\"pg-4024-0\"  class=\"panel-grid panel-has-style\" ><div class=\"siteorigin-panels-stretch panel-row-style panel-row-style-for-4024-0\" data-stretch-type=\"full-stretched-padded\" ><div id=\"pgc-4024-0-0\"  class=\"panel-grid-cell\" ><div id=\"panel-4024-0-0-0\" class=\"so-panel widget widget_sow-headline panel-first-child panel-last-child\" data-index=\"0\" ><div\n\t\t\t\n\t\t\tclass=\"so-widget-sow-headline so-widget-sow-headline-default-7623362f815e-4024\"\n\t\t\t\n\t\t><div class=\"sow-headline-container \">\n\t<h1 class='sow-headline'>Articles<\/h1><h3 class='sow-sub-headline'>Descarrega't aqu\u00ed les versions en PDF del articles de la revista<\/h3><\/div>\n<\/div><\/div><\/div><\/div><\/div><div id=\"pg-4024-1\"  class=\"panel-grid panel-has-style\" ><div class=\"panel-row-style panel-row-style-for-4024-1\" ><div id=\"pgc-4024-1-0\"  class=\"panel-grid-cell panel-grid-cell-empty\" ><\/div><\/div><\/div><div id=\"pg-4024-2\"  class=\"panel-grid panel-no-style\" ><div id=\"pgc-4024-2-0\"  class=\"panel-grid-cell\" ><div id=\"panel-4024-2-0-0\" class=\"so-panel widget widget_media_gallery panel-first-child panel-last-child\" data-index=\"1\" >\n\t\t<style type=\"text\/css\">\n\t\t\t#gallery-1 {\n\t\t\t\tmargin: auto;\n\t\t\t}\n\t\t\t#gallery-1 .gallery-item {\n\t\t\t\tfloat: left;\n\t\t\t\tmargin-top: 10px;\n\t\t\t\ttext-align: center;\n\t\t\t\twidth: 100%;\n\t\t\t}\n\t\t\t#gallery-1 img {\n\t\t\t\tborder: 2px solid #cfcfcf;\n\t\t\t}\n\t\t\t#gallery-1 .gallery-caption {\n\t\t\t\tmargin-left: 0;\n\t\t\t}\n\t\t\t\/* see gallery_shortcode() in wp-includes\/media.php *\/\n\t\t<\/style>\n\t\t<div id='gallery-1' class='gallery galleryid-4024 gallery-columns-1 gallery-size-large'><dl class='gallery-item'>\n\t\t\t<dt class='gallery-icon portrait'>\n\t\t\t\t<a href='https:\/\/www.revistaalimara.net\/revista\/wp-content\/uploads\/2019\/08\/Portada_num55.jpg'><img width=\"595\" height=\"841\" src=\"https:\/\/www.revistaalimara.net\/revista\/wp-content\/uploads\/2019\/08\/Portada_num55.jpg\" class=\"attachment-large size-large\" alt=\"\" decoding=\"async\" loading=\"lazy\" \/><\/a>\n\t\t\t<\/dt><\/dl><br style=\"clear: both\" \/>\n\t\t<\/div>\n<\/div><\/div><div id=\"pgc-4024-2-1\"  class=\"panel-grid-cell\" ><div id=\"panel-4024-2-1-0\" class=\"so-panel widget widget_sow-editor panel-first-child\" data-index=\"2\" ><div\n\t\t\t\n\t\t\tclass=\"so-widget-sow-editor so-widget-sow-editor-base\"\n\t\t\t\n\t\t>\n<div class=\"siteorigin-widget-tinymce textwidget\">\n\t<h6>Alimara. Mar\u00e7 2011<\/h6>\n<h3>N\u00daMERO 55<\/h3>\n<\/div>\n<\/div><\/div><div id=\"panel-4024-2-1-1\" class=\"so-panel widget widget_sow-button\" data-index=\"3\" ><div\n\t\t\t\n\t\t\tclass=\"so-widget-sow-button so-widget-sow-button-atom-8294661747ec-4024\"\n\t\t\t\n\t\t><div class=\"ow-button-base ow-button-align-left\">\n\t<a\n\thref=\"http:\/\/www.revistaalimara.net\/revista\/wp-content\/uploads\/2019\/08\/Revista-Alimara_num-55_Epoca-5.pdf\"\n\t\tclass=\"download ow-icon-placement-left ow-button-hover\" target=\"_blank\" rel=\"noopener noreferrer\" \t>\n\t\t<span>\n\t\t\t<span class=\"sow-icon-fontawesome sow-far\" data-sow-icon=\"&#xf1c1;\"\n\t\tstyle=\"\" \n\t\taria-hidden=\"true\"><\/span>\n\t\t\tDescarrega't la revista sencera en pdf \t\t<\/span>\n\t<\/a>\n<\/div>\n<\/div><\/div><div id=\"panel-4024-2-1-2\" class=\"so-panel widget widget_sow-editor panel-last-child\" data-index=\"4\" ><div\n\t\t\t\n\t\t\tclass=\"so-widget-sow-editor so-widget-sow-editor-base\"\n\t\t\t\n\t\t>\n<div class=\"siteorigin-widget-tinymce textwidget\">\n\t<p>&nbsp;<\/p>\n<p><span style=\"color: #009fe3;\"><strong>\u00cdndex<\/strong><\/span><\/p>\n<p style=\"padding-left: 30px;\"><a href=\"http:\/\/www.revistaalimara.net\/revista\/wp-content\/uploads\/2019\/08\/Article_Revista-Alimara_num-55_Josep-Munoz.pdf\"><em>Apunts per al debat sobre els rectes actuals dels serveis socials municipals.<\/em><\/a><em><br \/>\n<\/em>Josep Mu\u00f1oz Luque<\/p>\n<p style=\"padding-left: 30px;\"><a href=\"http:\/\/www.revistaalimara.net\/revista\/wp-content\/uploads\/2019\/08\/Article_Revista-Alimara_num-55_Redaccio-1.pdf\"><em>Jaume Garau: Els serveis socials han de jugar un paper m\u00e9s rellevant en la societat.<\/em><\/a><em><br \/>\n<\/em>Redacci\u00f3<\/p>\n<p style=\"padding-left: 30px;\"><a href=\"http:\/\/www.revistaalimara.net\/revista\/wp-content\/uploads\/2019\/08\/Article_Revista-Alimara_num-55_Josep-Quevedo.pdf\"><em>Els paper dels municipis en el desenvolupament de la Llei 4\/2009 de Serveis Socials.<\/em><\/a><em><br \/>\n<\/em>Josep Quevedo Garcia<\/p>\n<p style=\"padding-left: 30px;\"><a href=\"http:\/\/www.revistaalimara.net\/revista\/wp-content\/uploads\/2019\/08\/Article_Revista-Alimara_num-55_Julia-Baltasar.pdf\"><em>El Pla Estrat\u00e8gic de Serveis Socials de Mallorca. Revisi\u00f3 dels resultats a novembre 2010.<\/em><\/a><em><br \/>\n<\/em>Juli\u00e0 Baltasar Jaume<\/p>\n<p style=\"padding-left: 30px;\"><a href=\"http:\/\/www.revistaalimara.net\/revista\/wp-content\/uploads\/2019\/08\/Article_Revista-Alimara_num-55_Joan-Ferra.pdf\"><em>Els treballs de la comissi\u00f3 per al Desenvolupament del Pacte Local de la FELIB en mat\u00e8ria de serveis socials.<\/em><\/a><em><br \/>\n<\/em>Joan Ferra Martorell<\/p>\n<p style=\"padding-left: 30px;\"><a href=\"http:\/\/www.revistaalimara.net\/revista\/wp-content\/uploads\/2019\/08\/Article_Revista-Alimara_num-55_Marian-Feliu.pdf\"><em>Serveis Socials municipals d'atenci\u00f3 prim\u00e0ria: els reptes de la nova llei.<\/em><\/a><em><br \/>\n<\/em>Marian Feliu Landa<\/p>\n<p style=\"padding-left: 30px;\"><em><a href=\"http:\/\/www.revistaalimara.net\/revista\/wp-content\/uploads\/2019\/08\/Article_Revista-Alimara_num-55_Antoni-X-Colom.pdf\">Impressions d'una legislatura complicada per als serveis socials municipals.<\/a><br \/>\n<\/em>Antoni X. Colom Colom<\/p>\n<p style=\"padding-left: 30px;\"><em><a href=\"http:\/\/www.revistaalimara.net\/revista\/wp-content\/uploads\/2019\/08\/Article_Revista-Alimara_num-55_Maria-Pe\u00f1arrubi_tofol-Sastre_Denise-Knabe_Elena-Fernandez_Andreu-Vidal_Cristina-Marin_Tofol-Sastre_Margalida-Rubi_Julia-Baltasar.pdf\">Resultats de l'aplicaci\u00f3 de la nova normativa en l'\u00e0mbit de serveis socials comunitaris.<\/a><br \/>\n<\/em>Maria Pe\u00f1arrubia, T\u00f2fol Sastre, Denise Knabe, Elena Fern\u00e1ndez, Andreu Vidal, Cristina Mar\u00edn, T\u00f2fol Sastre, Margalida Rub\u00ed i Juli\u00e0 Baltasar<\/p>\n<p style=\"padding-left: 30px;\"><em><a href=\"http:\/\/www.revistaalimara.net\/revista\/wp-content\/uploads\/2019\/08\/Article_Revista-Alimara_num-55_Margalida-Regis_Neus-Buendia_Laura-Lorenzo.pdf\">Reflexions sobre el passat, present i futur del\/de la treballador\/a social en els serveis socials municipals.<\/a><br \/>\n<\/em>Margalida Regis Sans\u00f3, Neus Buend\u00eda Grac\u00eda i Laura Lorenzo G\u00f3mez<\/p>\n<p style=\"padding-left: 30px;\"><em><a href=\"http:\/\/www.revistaalimara.net\/revista\/wp-content\/uploads\/2019\/08\/Article_Revista-Alimara_num-55_Redaccio-2.pdf\">Panorama del Departament d'Acci\u00f3 social de la Diputaci\u00f3 Foral de Biscaia.<\/a><br \/>\n<\/em>Redacci\u00f3<\/p>\n<\/div>\n<\/div><\/div><\/div><\/div><div id=\"pg-4024-3\"  class=\"panel-grid panel-has-style\" ><div class=\"siteorigin-panels-stretch panel-row-style panel-row-style-for-4024-3\" data-stretch-type=\"full-stretched-padded\" ><div id=\"pgc-4024-3-0\"  class=\"panel-grid-cell\" ><div id=\"panel-4024-3-0-0\" class=\"so-panel widget widget_sow-headline panel-first-child panel-last-child\" data-index=\"5\" ><div\n\t\t\t\n\t\t\tclass=\"so-widget-sow-headline so-widget-sow-headline-default-7623362f815e-4024\"\n\t\t\t\n\t\t><div class=\"sow-headline-container \">\n\t<\/div>\n<\/div><\/div><\/div><\/div><\/div><div id=\"pg-4024-4\"  class=\"panel-grid panel-has-style\" ><div class=\"panel-row-style panel-row-style-for-4024-4\" ><div id=\"pgc-4024-4-0\"  class=\"panel-grid-cell panel-grid-cell-empty\" ><\/div><\/div><\/div><div id=\"pg-4024-5\"  class=\"panel-grid panel-no-style\" ><div id=\"pgc-4024-5-0\"  class=\"panel-grid-cell\" ><div id=\"panel-4024-5-0-0\" class=\"widget_text so-panel widget widget_custom_html panel-first-child panel-last-child\" data-index=\"6\" ><div class=\"textwidget custom-html-widget\"><div class=\"line\">\n\t\n<\/div><\/div><\/div><\/div><\/div><\/div>","protected":false},"excerpt":{"rendered":"<p>ArticlesDescarrega&#8217;t aqu\u00ed les versions en PDF del articles de la revista Alimara. Mar\u00e7 2011 N\u00daMERO 55 Descarrega&#8217;t la revista sencera en pdf &nbsp; \u00cdndex Apunts per al debat sobre els rectes actuals dels serveis socials municipals. Josep Mu\u00f1oz Luque Jaume Garau: Els serveis socials han de jugar un paper m\u00e9s rellevant en la societat. Redacci\u00f3 [&hellip;]<\/p>\n","protected":false},"author":2,"featured_media":0,"parent":0,"menu_order":0,"comment_status":"closed","ping_status":"closed","template":"","meta":[],"_links":{"self":[{"href":"https:\/\/www.revistaalimara.net\/revista\/wp-json\/wp\/v2\/pages\/4024"}],"collection":[{"href":"https:\/\/www.revistaalimara.net\/revista\/wp-json\/wp\/v2\/pages"}],"about":[{"href":"https:\/\/www.revistaalimara.net\/revista\/wp-json\/wp\/v2\/types\/page"}],"author":[{"embeddable":true,"href":"https:\/\/www.revistaalimara.net\/revista\/wp-json\/wp\/v2\/users\/2"}],"replies":[{"embeddable":true,"href":"https:\/\/www.revistaalimara.net\/revista\/wp-json\/wp\/v2\/comments?post=4024"}],"version-history":[{"count":5,"href":"https:\/\/www.revistaalimara.net\/revista\/wp-json\/wp\/v2\/pages\/4024\/revisions"}],"predecessor-version":[{"id":4133,"href":"https:\/\/www.revistaalimara.net\/revista\/wp-json\/wp\/v2\/pages\/4024\/revisions\/4133"}],"wp:attachment":[{"href":"https:\/\/www.revistaalimara.net\/revista\/wp-json\/wp\/v2\/media?parent=4024"}],"curies":[{"name":"wp","href":"https:\/\/api.w.org\/{rel}","templated":true}]}}