{"id":3085,"date":"2019-05-27T12:12:36","date_gmt":"2019-05-27T10:12:36","guid":{"rendered":"http:\/\/www.revistaalimara.net\/revista\/?page_id=3085"},"modified":"2021-04-23T07:54:27","modified_gmt":"2021-04-23T06:54:27","slug":"epoca-4_38","status":"publish","type":"page","link":"https:\/\/www.revistaalimara.net\/revista\/epoca-4_38\/","title":{"rendered":"\u00c8poca 4_38"},"content":{"rendered":"<div id=\"pl-3085\"  class=\"panel-layout\" ><div id=\"pg-3085-0\"  class=\"panel-grid panel-has-style\" ><div class=\"siteorigin-panels-stretch panel-row-style panel-row-style-for-3085-0\" data-stretch-type=\"full-stretched-padded\" ><div id=\"pgc-3085-0-0\"  class=\"panel-grid-cell\" ><div id=\"panel-3085-0-0-0\" class=\"so-panel widget widget_sow-headline panel-first-child panel-last-child\" data-index=\"0\" ><div\n\t\t\t\n\t\t\tclass=\"so-widget-sow-headline so-widget-sow-headline-default-7623362f815e-3085\"\n\t\t\t\n\t\t><div class=\"sow-headline-container \">\n\t<h1 class='sow-headline'>Articles<\/h1><h3 class='sow-sub-headline'>Descarrega't aqu\u00ed les versions en PDF del articles de la revista<\/h3><\/div>\n<\/div><\/div><\/div><\/div><\/div><div id=\"pg-3085-1\"  class=\"panel-grid panel-has-style\" ><div class=\"panel-row-style panel-row-style-for-3085-1\" ><div id=\"pgc-3085-1-0\"  class=\"panel-grid-cell panel-grid-cell-empty\" ><\/div><\/div><\/div><div id=\"pg-3085-2\"  class=\"panel-grid panel-no-style\" ><div id=\"pgc-3085-2-0\"  class=\"panel-grid-cell\" ><div id=\"panel-3085-2-0-0\" class=\"so-panel widget widget_media_gallery panel-first-child panel-last-child\" data-index=\"1\" >\n\t\t<style type=\"text\/css\">\n\t\t\t#gallery-1 {\n\t\t\t\tmargin: auto;\n\t\t\t}\n\t\t\t#gallery-1 .gallery-item {\n\t\t\t\tfloat: left;\n\t\t\t\tmargin-top: 10px;\n\t\t\t\ttext-align: center;\n\t\t\t\twidth: 100%;\n\t\t\t}\n\t\t\t#gallery-1 img {\n\t\t\t\tborder: 2px solid #cfcfcf;\n\t\t\t}\n\t\t\t#gallery-1 .gallery-caption {\n\t\t\t\tmargin-left: 0;\n\t\t\t}\n\t\t\t\/* see gallery_shortcode() in wp-includes\/media.php *\/\n\t\t<\/style>\n\t\t<div id='gallery-1' class='gallery galleryid-3085 gallery-columns-1 gallery-size-large'><dl class='gallery-item'>\n\t\t\t<dt class='gallery-icon portrait'>\n\t\t\t\t<a href='https:\/\/www.revistaalimara.net\/revista\/wp-content\/uploads\/2019\/06\/Num_38.jpg'><img width=\"716\" height=\"1024\" src=\"https:\/\/www.revistaalimara.net\/revista\/wp-content\/uploads\/2019\/06\/Num_38.jpg\" class=\"attachment-large size-large\" alt=\"\" decoding=\"async\" loading=\"lazy\" \/><\/a>\n\t\t\t<\/dt><\/dl><br style=\"clear: both\" \/>\n\t\t<\/div>\n<\/div><\/div><div id=\"pgc-3085-2-1\"  class=\"panel-grid-cell\" ><div id=\"panel-3085-2-1-0\" class=\"so-panel widget widget_sow-editor panel-first-child\" data-index=\"2\" ><div\n\t\t\t\n\t\t\tclass=\"so-widget-sow-editor so-widget-sow-editor-base\"\n\t\t\t\n\t\t>\n<div class=\"siteorigin-widget-tinymce textwidget\">\n\t<h6>Alimara. Desembre 1996<\/h6>\n<h3>N\u00daMERO 38<\/h3>\n<\/div>\n<\/div><\/div><div id=\"panel-3085-2-1-1\" class=\"so-panel widget widget_sow-button\" data-index=\"3\" ><div\n\t\t\t\n\t\t\tclass=\"so-widget-sow-button so-widget-sow-button-atom-8294661747ec-3085\"\n\t\t\t\n\t\t><div class=\"ow-button-base ow-button-align-left\">\n\t<a\n\thref=\"http:\/\/www.revistaalimara.net\/revista\/wp-content\/uploads\/2019\/05\/Revista-Alimara-num.-38.pdf\"\n\t\tclass=\"download ow-icon-placement-left ow-button-hover\" target=\"_blank\" rel=\"noopener noreferrer\" \t>\n\t\t<span>\n\t\t\t<span class=\"sow-icon-fontawesome sow-far\" data-sow-icon=\"&#xf1c1;\"\n\t\tstyle=\"\" \n\t\taria-hidden=\"true\"><\/span>\n\t\t\tDescarrega't la revista sencera en pdf \t\t<\/span>\n\t<\/a>\n<\/div>\n<\/div><\/div><div id=\"panel-3085-2-1-2\" class=\"so-panel widget widget_sow-editor panel-last-child\" data-index=\"4\" ><div\n\t\t\t\n\t\t\tclass=\"so-widget-sow-editor so-widget-sow-editor-base\"\n\t\t\t\n\t\t>\n<div class=\"siteorigin-widget-tinymce textwidget\">\n\t<p>&nbsp;<\/p>\n<p><a href=\"http:\/\/www.revistaalimara.net\/revista\/wp-content\/uploads\/2019\/05\/Revista-Alimara-num.-38_presentacion.pdf\"><strong><span style=\"color: #009fe3;\">Presentaci\u00f3<\/span><\/strong><\/a><\/p>\n<p><strong><span style=\"color: #009fe3;\">Pol\u00edtica Social<br \/>\n<\/span><\/strong><\/p>\n<p style=\"padding-left: 30px;\"><a href=\"http:\/\/www.revistaalimara.net\/revista\/wp-content\/uploads\/2019\/05\/Revista-Alimara-num.-38_politica-social_Guillem-Riera-Colom.pdf\"><em>L'acci\u00f3 social a la Ciutat de Palma: Reflexions per un debat.<\/em><\/a><br \/>\nGuillem Riera Colom<\/p>\n<p style=\"padding-left: 30px;\"><a href=\"http:\/\/www.revistaalimara.net\/revista\/wp-content\/uploads\/2019\/05\/Revista-Alimara-num.-38_politica-social_Lluis-Ballester-Brage.pdf\"><em>Compet\u00e8ncia en mat\u00e8ria de benestar social.<\/em><\/a><br \/>\nLlu\u00eds Ballester Brage<\/p>\n<p><strong><span style=\"color: #009fe3;\">Marginaci\u00f3<br \/>\n<\/span><\/strong><\/p>\n<p style=\"padding-left: 30px;\"><a href=\"http:\/\/www.revistaalimara.net\/revista\/wp-content\/uploads\/2019\/05\/Revista-Alimara-num.-38_Marginacio_Miquel-Angel-Maria-i-Ballester.pdf\"><em>L'hospital de Nit de Palma: Realitat i perspectives a partir de la Mem\u00f2ria de 1995.<\/em><\/a><br \/>\nMiquel \u00c0ngel Maria i Ballester<\/p>\n<p><strong><span style=\"color: #009fe3;\">Gent Gran<\/span><\/strong><\/p>\n<p style=\"padding-left: 30px;\"><a href=\"http:\/\/www.revistaalimara.net\/revista\/wp-content\/uploads\/2019\/05\/Revista-Alimara-num.-38_Gent-Gran_Les-petites-unitats-de-convivencia.pdf\"><em>Les petites unitats de conviv\u00e8ncia.<\/em><\/a><\/p>\n<p style=\"padding-left: 30px;\"><a href=\"http:\/\/www.revistaalimara.net\/revista\/wp-content\/uploads\/2019\/05\/Revista-Alimara-num.-38_Gent-Gran_Robin-Currie.pdf\"><em>Una casa com a casa.<\/em><\/a><br \/>\nRobin Currie<\/p>\n<p style=\"padding-left: 30px;\"><a href=\"http:\/\/www.revistaalimara.net\/revista\/wp-content\/uploads\/2019\/05\/Revista-Alimara-num.-38_Gent-Gran_Bartomeu-J-Barcelo-Ginard.pdf\"><em>Les petites unitats de conviv\u00e8ncia: les alternatives del Grup Salm\u00f3.<\/em><\/a><br \/>\nBartomeu J. Barcel\u00f3 Ginard<\/p>\n<p style=\"padding-left: 30px;\"><a href=\"http:\/\/www.revistaalimara.net\/revista\/wp-content\/uploads\/2019\/05\/Revista-Alimara-num.-38_Gent-Gran_-Tofol-Sastre-Ramis.pdf\"><em>L'alternativa de l'allotjament.<\/em><\/a><br \/>\nT\u00f2fol Sastre Ramis<\/p>\n<p style=\"padding-left: 30px;\"><a href=\"http:\/\/www.revistaalimara.net\/revista\/wp-content\/uploads\/2019\/05\/Revista-Alimara-num.-38_Gent-Gran_Baltasar-Bisbal-Roig-Salas.pdf\"><em>L'abandonament i maltractament a les persones velles que viuen en medi obert.<\/em><\/a><br \/>\nJuli\u00e0 Baltasar, Nofre Bisbal, Margalida Roig, Joan Antoni Salas<\/p>\n<p style=\"padding-left: 30px;\"><a href=\"http:\/\/www.revistaalimara.net\/revista\/wp-content\/uploads\/2019\/05\/Revista-Alimara-num.-38_Gent-Gran_Barcelo-Salas.pdf\"><em>Intervenci\u00f3 psicosocial a la Mancomunitat del Pla de Mallorca a l'\u00e0mbit de la vellesa.<\/em><\/a><br \/>\nBartomeu Barcel\u00f3 i Joan Antoni Salas<\/p>\n<p><strong><span style=\"color: #009fe3;\">Inmigraci\u00f3<\/span><\/strong><\/p>\n<p style=\"padding-left: 30px;\"><a href=\"http:\/\/www.revistaalimara.net\/revista\/wp-content\/uploads\/2019\/05\/Revista-Alimara-num.-38_immigracio_Jose-Luis-Frau-Monterrubio.pdf\"><em>El servei d'Integraci\u00f3 d'Immigrants.<\/em><\/a><br \/>\nJos\u00e9 Luis Frau Monterrubio<\/p>\n<p><strong><span style=\"color: #009fe3;\">Inserci\u00f3 Sociolaboral<\/span><\/strong><\/p>\n<p style=\"padding-left: 30px;\"><a href=\"http:\/\/www.revistaalimara.net\/revista\/wp-content\/uploads\/2019\/05\/Revista-Alimara-num.-38_Insercio-Sociolaboral_Equip-Tecnic.pdf\"><em>Federaci\u00f3 Coordinadora de Minusv\u00e0lidas de Balears. Programa i serveis.<\/em><\/a><br \/>\nEquip T\u00e8cnic<\/p>\n<p><strong><span style=\"color: #009fe3;\">Toxicomanies<\/span><\/strong><\/p>\n<p style=\"padding-left: 30px;\"><a href=\"http:\/\/www.revistaalimara.net\/revista\/wp-content\/uploads\/2019\/05\/Revista-Alimara-num.-38_Toxicomanies_Escosura-del-Prado-Mayol-Moro-Bibiloni-Borras-Caffaro.pdf\"><em>Comissi\u00f3 de Control de Consum. Programa de Prevenci\u00f3 de Drogues de Mallorca.<\/em><\/a><br \/>\nM\u00aa Jes\u00fas de la Escosura del Prado, Cristina Mayol i quetglas, M\u00aa Luisa Moro Velasco, Maciana M\u00aa Bibiloni i Trobat, Matilde Borr\u00e1s i Ripoll, Mercedes Caffaro Rovira.<\/p>\n<p style=\"padding-left: 30px;\"><a href=\"http:\/\/www.revistaalimara.net\/revista\/wp-content\/uploads\/2019\/05\/Revista-Alimara-num.-38_Toxicomanies_Manuela-Caparros.pdf\"><em>Intervenci\u00f3 terap\u00e8utica en la problem\u00e0tica alcoh\u00f2lica \u00abModel piramidal\u00bb.<\/em><\/a><br \/>\nManuel Caparr\u00f3s<\/p>\n<p style=\"padding-left: 30px;\"><a href=\"http:\/\/www.revistaalimara.net\/revista\/wp-content\/uploads\/2019\/05\/Revista-Alimara-num.-38_Toxicomanies_M-Julia-Monge-Ca\u00f1ellas.pdf\"><em>La ter\u00e0pia de grup en el tractament de l'alcoholisme.<\/em><\/a><br \/>\nM\u00aa Julia Monge Ca\u00f1ellas<\/p>\n<p><strong><span style=\"color: #009fe3;\">Sida<\/span><\/strong><\/p>\n<p style=\"padding-left: 30px;\"><em><a href=\"http:\/\/www.revistaalimara.net\/revista\/wp-content\/uploads\/2019\/05\/Revista-Alimara-num.-38_Sida_Maria-Isabel-Gelabert-Vich.pdf\">Sida: Conductes de risc i intervencions preventives. Usuaris de drogues per via parenteral.<\/a> <\/em><br \/>\nMaria Isabel Gelabert Vich<\/p>\n<p><strong><span style=\"color: #009fe3;\">Documents T\u00e8cnics<\/span><\/strong><\/p>\n<p style=\"padding-left: 30px;\"><em><a href=\"http:\/\/www.revistaalimara.net\/revista\/wp-content\/uploads\/2019\/05\/Revista-Alimara-num.-38_Documents-tecnics_Unitat-de-Formaci\u00f3.pdf\">Pla de Formaci\u00f3 (1996-99) de la Comissi\u00f3 de Benestar Social del Consell Insular de Mallorca.<\/a><br \/>\n<\/em>Unitat de Formaci\u00f3<\/p>\n<\/div>\n<\/div><\/div><\/div><\/div><div id=\"pg-3085-3\"  class=\"panel-grid panel-has-style\" ><div class=\"siteorigin-panels-stretch panel-row-style panel-row-style-for-3085-3\" data-stretch-type=\"full-stretched-padded\" ><div id=\"pgc-3085-3-0\"  class=\"panel-grid-cell\" ><div id=\"panel-3085-3-0-0\" class=\"so-panel widget widget_sow-headline panel-first-child panel-last-child\" data-index=\"5\" ><div\n\t\t\t\n\t\t\tclass=\"so-widget-sow-headline so-widget-sow-headline-default-7623362f815e-3085\"\n\t\t\t\n\t\t><div class=\"sow-headline-container \">\n\t<\/div>\n<\/div><\/div><\/div><\/div><\/div><div id=\"pg-3085-4\"  class=\"panel-grid panel-has-style\" ><div class=\"panel-row-style panel-row-style-for-3085-4\" ><div id=\"pgc-3085-4-0\"  class=\"panel-grid-cell panel-grid-cell-empty\" ><\/div><\/div><\/div><div id=\"pg-3085-5\"  class=\"panel-grid panel-no-style\" ><div id=\"pgc-3085-5-0\"  class=\"panel-grid-cell\" ><div id=\"panel-3085-5-0-0\" class=\"widget_text so-panel widget widget_custom_html panel-first-child panel-last-child\" data-index=\"6\" ><div class=\"textwidget custom-html-widget\"><div class=\"line\">\n\t\n<\/div><\/div><\/div><\/div><\/div><\/div>","protected":false},"excerpt":{"rendered":"<p>ArticlesDescarrega&#8217;t aqu\u00ed les versions en PDF del articles de la revista Alimara. Desembre 1996 N\u00daMERO 38 Descarrega&#8217;t la revista sencera en pdf &nbsp; Presentaci\u00f3 Pol\u00edtica Social L&#8217;acci\u00f3 social a la Ciutat de Palma: Reflexions per un debat. Guillem Riera Colom Compet\u00e8ncia en mat\u00e8ria de benestar social. Llu\u00eds Ballester Brage Marginaci\u00f3 L&#8217;hospital de Nit de Palma: [&hellip;]<\/p>\n","protected":false},"author":2,"featured_media":0,"parent":0,"menu_order":0,"comment_status":"closed","ping_status":"closed","template":"","meta":[],"_links":{"self":[{"href":"https:\/\/www.revistaalimara.net\/revista\/wp-json\/wp\/v2\/pages\/3085"}],"collection":[{"href":"https:\/\/www.revistaalimara.net\/revista\/wp-json\/wp\/v2\/pages"}],"about":[{"href":"https:\/\/www.revistaalimara.net\/revista\/wp-json\/wp\/v2\/types\/page"}],"author":[{"embeddable":true,"href":"https:\/\/www.revistaalimara.net\/revista\/wp-json\/wp\/v2\/users\/2"}],"replies":[{"embeddable":true,"href":"https:\/\/www.revistaalimara.net\/revista\/wp-json\/wp\/v2\/comments?post=3085"}],"version-history":[{"count":13,"href":"https:\/\/www.revistaalimara.net\/revista\/wp-json\/wp\/v2\/pages\/3085\/revisions"}],"predecessor-version":[{"id":3389,"href":"https:\/\/www.revistaalimara.net\/revista\/wp-json\/wp\/v2\/pages\/3085\/revisions\/3389"}],"wp:attachment":[{"href":"https:\/\/www.revistaalimara.net\/revista\/wp-json\/wp\/v2\/media?parent=3085"}],"curies":[{"name":"wp","href":"https:\/\/api.w.org\/{rel}","templated":true}]}}